{"id":10746,"date":"2025-07-24T21:02:04","date_gmt":"2025-07-25T02:02:04","guid":{"rendered":"https:\/\/ouddorperfumes.com\/index.php\/producto\/lattafa-nebras-x-100-original\/"},"modified":"2025-10-03T18:13:57","modified_gmt":"2025-10-03T23:13:57","slug":"lattafa-pride-nebras-alternativa-eilish-billie-eilish-100-ml-original","status":"publish","type":"product","link":"https:\/\/ouddorperfumes.com\/index.php\/producto\/lattafa-pride-nebras-alternativa-eilish-billie-eilish-100-ml-original\/","title":{"rendered":"Lattafa Pride Nebras (Alternativa Eilish Billie Eilish) 100 ml Original"},"content":{"rendered":"<p>Olv\u00eddate de las fronteras, las reglas y los l\u00edmites. El eau de parfum Lattafa Pride Nebras, que puedes compartir con tu pareja, te hace destacar entre los dem\u00e1s. D\u00e9jate cautivar por la dulce fragancia de la c\u00e1lida vainilla o el delicioso cacao, tiernamente acompa\u00f1ada por unas sensuales notas de rosa.<\/p>\n<ul>\n<li>fragancia gourmand oriental con notas de vainilla<\/li>\n<li>pensada tanto para hombre como para mujer<\/li>\n<li>se lanz\u00f3 al mercado en el a\u00f1o 2022<\/li>\n<\/ul>\n<p><strong>Composici\u00f3n de la fragancia<\/strong><br \/>\nLa fragancia Lattafa Pride Nebras te atraer\u00e1 con su refrescante aroma frutal de las dulces bayas rojas y la jugosa mandarina. A continuaci\u00f3n, te enamorar\u00e1 locamente el intenso aroma de la vainilla, cuyo dulzor se ver\u00e1 compensado con unos deliciosos acordes ligeramente amargos de cacao acompa\u00f1ados de la rosa, sedosa y sensual. Al final te acariciar\u00e1n las delicadas notas de az\u00facar, que se entrelazan con la dulce y c\u00e1lida haba tonka, el atalcado \u00e1mbar gris y el suave y sensual almizcle.<\/p>\n","protected":false},"excerpt":{"rendered":"<p>Olv\u00eddate de las fronteras, las reglas y los l\u00edmites. El eau de parfum Lattafa Pride Nebras, que puedes compartir con tu pareja, te hace destacar entre los dem\u00e1s. D\u00e9jate cautivar por la dulce fragancia de la c\u00e1lida vainilla o el delicioso cacao, tiernamente acompa\u00f1ada por unas sensuales notas de rosa.<\/p>\n<ul>\n<li>fragancia gourmand oriental con notas de vainilla<\/li>\n<li>pensada tanto para hombre como para mujer<\/li>\n<li>se lanz\u00f3 al mercado en el a\u00f1o 2022<\/li>\n<\/ul>\n<p><strong>Composici\u00f3n de la fragancia<\/strong><br \/>\nLa fragancia Lattafa Pride Nebras te atraer\u00e1 con su refrescante aroma frutal de las dulces bayas rojas y la jugosa mandarina. A continuaci\u00f3n, te enamorar\u00e1 locamente el intenso aroma de la vainilla, cuyo dulzor se ver\u00e1 compensado con unos deliciosos acordes ligeramente amargos de cacao acompa\u00f1ados de la rosa, sedosa y sensual. Al final te acariciar\u00e1n las delicadas notas de az\u00facar, que se entrelazan con la dulce y c\u00e1lida haba tonka, el atalcado \u00e1mbar gris y el suave y sensual almizcle.<\/p>\n<p>&nbsp;<\/p>\n<p><span style=\"color: #ff4400;\"><strong>\u2705 <span style=\"color: #d9a569;\">Pagos 100% Contraentrega.<\/span><\/strong><\/span><br \/>\n<span style=\"color: #ff4400;\"><strong>\u2705 <span style=\"color: #d9a569;\">Env\u00edo Gratis a toda Colombia.<\/span><\/strong><\/span><br \/>\n<span style=\"color: #ff4400;\"><strong>\u2705 <span style=\"color: #d9a569;\">Perfumes 100% Originales.<\/span><\/strong><\/span><\/p>\n","protected":false},"featured_media":9900,"template":"","meta":[],"product_brand":[],"product_cat":[182,168,177],"product_tag":[],"class_list":{"0":"post-10746","1":"product","2":"type-product","3":"status-publish","4":"has-post-thumbnail","6":"product_cat-lattafa","7":"product_cat-mujer","8":"product_cat-perfumes-arabes","10":"first","11":"instock","12":"sale","13":"shipping-taxable","14":"purchasable","15":"product-type-simple"},"yoast_head":"<!-- This site is optimized with the Yoast SEO plugin v27.3 - https:\/\/yoast.com\/product\/yoast-seo-wordpress\/ -->\n<title>Lattafa Pride Nebras (Alternativa Eilish Billie Eilish) 100 ml Original - Oud d\u2019Or - L\u2019essence du pouvoir<\/title>\n<meta name=\"robots\" content=\"index, follow, max-snippet:-1, max-image-preview:large, max-video-preview:-1\" \/>\n<link rel=\"canonical\" href=\"https:\/\/ouddorperfumes.com\/index.php\/producto\/lattafa-pride-nebras-alternativa-eilish-billie-eilish-100-ml-original\/\" \/>\n<meta property=\"og:locale\" content=\"es_ES\" \/>\n<meta property=\"og:type\" content=\"article\" \/>\n<meta property=\"og:title\" content=\"Lattafa Pride Nebras (Alternativa Eilish Billie Eilish) 100 ml Original - Oud d\u2019Or - L\u2019essence du pouvoir\" \/>\n<meta property=\"og:description\" content=\"Olv\u00eddate de las fronteras, las reglas y los l\u00edmites. El eau de parfum Lattafa Pride Nebras, que puedes compartir con tu pareja, te hace destacar entre los dem\u00e1s. D\u00e9jate cautivar por la dulce fragancia de la c\u00e1lida vainilla o el delicioso cacao, tiernamente acompa\u00f1ada por unas sensuales notas de rosa.   fragancia gourmand oriental con notas de vainilla  pensada tanto para hombre como para mujer  se lanz\u00f3 al mercado en el a\u00f1o 2022  Composici\u00f3n de la fragancia La fragancia Lattafa Pride Nebras te atraer\u00e1 con su refrescante aroma frutal de las dulces bayas rojas y la jugosa mandarina. A continuaci\u00f3n, te enamorar\u00e1 locamente el intenso aroma de la vainilla, cuyo dulzor se ver\u00e1 compensado con unos deliciosos acordes ligeramente amargos de cacao acompa\u00f1ados de la rosa, sedosa y sensual. Al final te acariciar\u00e1n las delicadas notas de az\u00facar, que se entrelazan con la dulce y c\u00e1lida haba tonka, el atalcado \u00e1mbar gris y el suave y sensual almizcle.  &nbsp;  \u2705 Pagos 100% Contraentrega. \u2705 Env\u00edo Gratis a toda Colombia. \u2705 Perfumes 100% Originales.\" \/>\n<meta property=\"og:url\" content=\"https:\/\/ouddorperfumes.com\/index.php\/producto\/lattafa-pride-nebras-alternativa-eilish-billie-eilish-100-ml-original\/\" \/>\n<meta property=\"og:site_name\" content=\"Oud d\u2019Or - L\u2019essence du pouvoir\" \/>\n<meta property=\"article:modified_time\" content=\"2025-10-03T23:13:57+00:00\" \/>\n<meta property=\"og:image\" content=\"https:\/\/ouddorperfumes.com\/wp-content\/uploads\/2025\/02\/360-4.jpg\" \/>\n\t<meta property=\"og:image:width\" content=\"1654\" \/>\n\t<meta property=\"og:image:height\" content=\"1654\" \/>\n\t<meta property=\"og:image:type\" content=\"image\/jpeg\" \/>\n<meta name=\"twitter:card\" content=\"summary_large_image\" \/>\n<meta name=\"twitter:label1\" content=\"Tiempo de lectura\" \/>\n\t<meta name=\"twitter:data1\" content=\"1 minuto\" \/>\n<script type=\"application\/ld+json\" class=\"yoast-schema-graph\">{\"@context\":\"https:\\\/\\\/schema.org\",\"@graph\":[{\"@type\":\"WebPage\",\"@id\":\"https:\\\/\\\/ouddorperfumes.com\\\/index.php\\\/producto\\\/lattafa-pride-nebras-alternativa-eilish-billie-eilish-100-ml-original\\\/\",\"url\":\"https:\\\/\\\/ouddorperfumes.com\\\/index.php\\\/producto\\\/lattafa-pride-nebras-alternativa-eilish-billie-eilish-100-ml-original\\\/\",\"name\":\"Lattafa Pride Nebras (Alternativa Eilish Billie Eilish) 100 ml Original - Oud d\u2019Or - L\u2019essence du pouvoir\",\"isPartOf\":{\"@id\":\"https:\\\/\\\/ouddorperfumes.com\\\/#website\"},\"primaryImageOfPage\":{\"@id\":\"https:\\\/\\\/ouddorperfumes.com\\\/index.php\\\/producto\\\/lattafa-pride-nebras-alternativa-eilish-billie-eilish-100-ml-original\\\/#primaryimage\"},\"image\":{\"@id\":\"https:\\\/\\\/ouddorperfumes.com\\\/index.php\\\/producto\\\/lattafa-pride-nebras-alternativa-eilish-billie-eilish-100-ml-original\\\/#primaryimage\"},\"thumbnailUrl\":\"https:\\\/\\\/ouddorperfumes.com\\\/wp-content\\\/uploads\\\/2025\\\/02\\\/360-4.jpg\",\"datePublished\":\"2025-07-25T02:02:04+00:00\",\"dateModified\":\"2025-10-03T23:13:57+00:00\",\"breadcrumb\":{\"@id\":\"https:\\\/\\\/ouddorperfumes.com\\\/index.php\\\/producto\\\/lattafa-pride-nebras-alternativa-eilish-billie-eilish-100-ml-original\\\/#breadcrumb\"},\"inLanguage\":\"es\",\"potentialAction\":[{\"@type\":\"ReadAction\",\"target\":[\"https:\\\/\\\/ouddorperfumes.com\\\/index.php\\\/producto\\\/lattafa-pride-nebras-alternativa-eilish-billie-eilish-100-ml-original\\\/\"]}]},{\"@type\":\"ImageObject\",\"inLanguage\":\"es\",\"@id\":\"https:\\\/\\\/ouddorperfumes.com\\\/index.php\\\/producto\\\/lattafa-pride-nebras-alternativa-eilish-billie-eilish-100-ml-original\\\/#primaryimage\",\"url\":\"https:\\\/\\\/ouddorperfumes.com\\\/wp-content\\\/uploads\\\/2025\\\/02\\\/360-4.jpg\",\"contentUrl\":\"https:\\\/\\\/ouddorperfumes.com\\\/wp-content\\\/uploads\\\/2025\\\/02\\\/360-4.jpg\",\"width\":1654,\"height\":1654},{\"@type\":\"BreadcrumbList\",\"@id\":\"https:\\\/\\\/ouddorperfumes.com\\\/index.php\\\/producto\\\/lattafa-pride-nebras-alternativa-eilish-billie-eilish-100-ml-original\\\/#breadcrumb\",\"itemListElement\":[{\"@type\":\"ListItem\",\"position\":1,\"name\":\"Portada\",\"item\":\"https:\\\/\\\/ouddorperfumes.com\\\/\"},{\"@type\":\"ListItem\",\"position\":2,\"name\":\"Todos los Perfumes\",\"item\":\"https:\\\/\\\/ouddorperfumes.com\\\/index.php\\\/todos-los-perfumes\\\/\"},{\"@type\":\"ListItem\",\"position\":3,\"name\":\"Lattafa Pride Nebras (Alternativa Eilish Billie Eilish) 100 ml Original\"}]},{\"@type\":\"WebSite\",\"@id\":\"https:\\\/\\\/ouddorperfumes.com\\\/#website\",\"url\":\"https:\\\/\\\/ouddorperfumes.com\\\/\",\"name\":\"Oud d\u2019Or - L\u2019essence du pouvoir\",\"description\":\"Perfumes Arabes 100% Originales\",\"potentialAction\":[{\"@type\":\"SearchAction\",\"target\":{\"@type\":\"EntryPoint\",\"urlTemplate\":\"https:\\\/\\\/ouddorperfumes.com\\\/?s={search_term_string}\"},\"query-input\":{\"@type\":\"PropertyValueSpecification\",\"valueRequired\":true,\"valueName\":\"search_term_string\"}}],\"inLanguage\":\"es\"}]}<\/script>\n<!-- \/ Yoast SEO plugin. -->","yoast_head_json":{"title":"Lattafa Pride Nebras (Alternativa Eilish Billie Eilish) 100 ml Original - Oud d\u2019Or - L\u2019essence du pouvoir","robots":{"index":"index","follow":"follow","max-snippet":"max-snippet:-1","max-image-preview":"max-image-preview:large","max-video-preview":"max-video-preview:-1"},"canonical":"https:\/\/ouddorperfumes.com\/index.php\/producto\/lattafa-pride-nebras-alternativa-eilish-billie-eilish-100-ml-original\/","og_locale":"es_ES","og_type":"article","og_title":"Lattafa Pride Nebras (Alternativa Eilish Billie Eilish) 100 ml Original - Oud d\u2019Or - L\u2019essence du pouvoir","og_description":"Olv\u00eddate de las fronteras, las reglas y los l\u00edmites. El eau de parfum Lattafa Pride Nebras, que puedes compartir con tu pareja, te hace destacar entre los dem\u00e1s. D\u00e9jate cautivar por la dulce fragancia de la c\u00e1lida vainilla o el delicioso cacao, tiernamente acompa\u00f1ada por unas sensuales notas de rosa.   fragancia gourmand oriental con notas de vainilla  pensada tanto para hombre como para mujer  se lanz\u00f3 al mercado en el a\u00f1o 2022  Composici\u00f3n de la fragancia La fragancia Lattafa Pride Nebras te atraer\u00e1 con su refrescante aroma frutal de las dulces bayas rojas y la jugosa mandarina. A continuaci\u00f3n, te enamorar\u00e1 locamente el intenso aroma de la vainilla, cuyo dulzor se ver\u00e1 compensado con unos deliciosos acordes ligeramente amargos de cacao acompa\u00f1ados de la rosa, sedosa y sensual. Al final te acariciar\u00e1n las delicadas notas de az\u00facar, que se entrelazan con la dulce y c\u00e1lida haba tonka, el atalcado \u00e1mbar gris y el suave y sensual almizcle.  &nbsp;  \u2705 Pagos 100% Contraentrega. \u2705 Env\u00edo Gratis a toda Colombia. \u2705 Perfumes 100% Originales.","og_url":"https:\/\/ouddorperfumes.com\/index.php\/producto\/lattafa-pride-nebras-alternativa-eilish-billie-eilish-100-ml-original\/","og_site_name":"Oud d\u2019Or - L\u2019essence du pouvoir","article_modified_time":"2025-10-03T23:13:57+00:00","og_image":[{"width":1654,"height":1654,"url":"https:\/\/ouddorperfumes.com\/wp-content\/uploads\/2025\/02\/360-4.jpg","type":"image\/jpeg"}],"twitter_card":"summary_large_image","twitter_misc":{"Tiempo de lectura":"1 minuto"},"schema":{"@context":"https:\/\/schema.org","@graph":[{"@type":"WebPage","@id":"https:\/\/ouddorperfumes.com\/index.php\/producto\/lattafa-pride-nebras-alternativa-eilish-billie-eilish-100-ml-original\/","url":"https:\/\/ouddorperfumes.com\/index.php\/producto\/lattafa-pride-nebras-alternativa-eilish-billie-eilish-100-ml-original\/","name":"Lattafa Pride Nebras (Alternativa Eilish Billie Eilish) 100 ml Original - Oud d\u2019Or - L\u2019essence du pouvoir","isPartOf":{"@id":"https:\/\/ouddorperfumes.com\/#website"},"primaryImageOfPage":{"@id":"https:\/\/ouddorperfumes.com\/index.php\/producto\/lattafa-pride-nebras-alternativa-eilish-billie-eilish-100-ml-original\/#primaryimage"},"image":{"@id":"https:\/\/ouddorperfumes.com\/index.php\/producto\/lattafa-pride-nebras-alternativa-eilish-billie-eilish-100-ml-original\/#primaryimage"},"thumbnailUrl":"https:\/\/ouddorperfumes.com\/wp-content\/uploads\/2025\/02\/360-4.jpg","datePublished":"2025-07-25T02:02:04+00:00","dateModified":"2025-10-03T23:13:57+00:00","breadcrumb":{"@id":"https:\/\/ouddorperfumes.com\/index.php\/producto\/lattafa-pride-nebras-alternativa-eilish-billie-eilish-100-ml-original\/#breadcrumb"},"inLanguage":"es","potentialAction":[{"@type":"ReadAction","target":["https:\/\/ouddorperfumes.com\/index.php\/producto\/lattafa-pride-nebras-alternativa-eilish-billie-eilish-100-ml-original\/"]}]},{"@type":"ImageObject","inLanguage":"es","@id":"https:\/\/ouddorperfumes.com\/index.php\/producto\/lattafa-pride-nebras-alternativa-eilish-billie-eilish-100-ml-original\/#primaryimage","url":"https:\/\/ouddorperfumes.com\/wp-content\/uploads\/2025\/02\/360-4.jpg","contentUrl":"https:\/\/ouddorperfumes.com\/wp-content\/uploads\/2025\/02\/360-4.jpg","width":1654,"height":1654},{"@type":"BreadcrumbList","@id":"https:\/\/ouddorperfumes.com\/index.php\/producto\/lattafa-pride-nebras-alternativa-eilish-billie-eilish-100-ml-original\/#breadcrumb","itemListElement":[{"@type":"ListItem","position":1,"name":"Portada","item":"https:\/\/ouddorperfumes.com\/"},{"@type":"ListItem","position":2,"name":"Todos los Perfumes","item":"https:\/\/ouddorperfumes.com\/index.php\/todos-los-perfumes\/"},{"@type":"ListItem","position":3,"name":"Lattafa Pride Nebras (Alternativa Eilish Billie Eilish) 100 ml Original"}]},{"@type":"WebSite","@id":"https:\/\/ouddorperfumes.com\/#website","url":"https:\/\/ouddorperfumes.com\/","name":"Oud d\u2019Or - L\u2019essence du pouvoir","description":"Perfumes Arabes 100% Originales","potentialAction":[{"@type":"SearchAction","target":{"@type":"EntryPoint","urlTemplate":"https:\/\/ouddorperfumes.com\/?s={search_term_string}"},"query-input":{"@type":"PropertyValueSpecification","valueRequired":true,"valueName":"search_term_string"}}],"inLanguage":"es"}]}},"_links":{"self":[{"href":"https:\/\/ouddorperfumes.com\/index.php\/wp-json\/wp\/v2\/product\/10746","targetHints":{"allow":["GET"]}}],"collection":[{"href":"https:\/\/ouddorperfumes.com\/index.php\/wp-json\/wp\/v2\/product"}],"about":[{"href":"https:\/\/ouddorperfumes.com\/index.php\/wp-json\/wp\/v2\/types\/product"}],"version-history":[{"count":1,"href":"https:\/\/ouddorperfumes.com\/index.php\/wp-json\/wp\/v2\/product\/10746\/revisions"}],"predecessor-version":[{"id":11718,"href":"https:\/\/ouddorperfumes.com\/index.php\/wp-json\/wp\/v2\/product\/10746\/revisions\/11718"}],"wp:featuredmedia":[{"embeddable":true,"href":"https:\/\/ouddorperfumes.com\/index.php\/wp-json\/wp\/v2\/media\/9900"}],"wp:attachment":[{"href":"https:\/\/ouddorperfumes.com\/index.php\/wp-json\/wp\/v2\/media?parent=10746"}],"wp:term":[{"taxonomy":"product_brand","embeddable":true,"href":"https:\/\/ouddorperfumes.com\/index.php\/wp-json\/wp\/v2\/product_brand?post=10746"},{"taxonomy":"product_cat","embeddable":true,"href":"https:\/\/ouddorperfumes.com\/index.php\/wp-json\/wp\/v2\/product_cat?post=10746"},{"taxonomy":"product_tag","embeddable":true,"href":"https:\/\/ouddorperfumes.com\/index.php\/wp-json\/wp\/v2\/product_tag?post=10746"}],"curies":[{"name":"wp","href":"https:\/\/api.w.org\/{rel}","templated":true}]}}