{"id":10748,"date":"2025-07-24T21:03:15","date_gmt":"2025-07-25T02:03:15","guid":{"rendered":"https:\/\/ouddorperfumes.com\/index.php\/producto\/ariana-grande-thank-u-next-x-100-ml-orig\/"},"modified":"2025-10-03T18:13:29","modified_gmt":"2025-10-03T23:13:29","slug":"ariana-grande-thank-u-next-100-ml-original","status":"publish","type":"product","link":"https:\/\/ouddorperfumes.com\/index.php\/producto\/ariana-grande-thank-u-next-100-ml-original\/","title":{"rendered":"Ariana Grande Thank U Next 100 ml Original"},"content":{"rendered":"<p>Inspirador, energizante y descarado, as\u00ed es el eau de parfum para mujer Ariana Grande Thank U Next. La fragancia representa el ascenso hacia la cima de Ariana. Se trata de salir y conseguir exactamente lo que quieres. Se trata de crecer aceptando el pasado, de vivir seg\u00fan tus propias reglas y no tener miedo a decir&#8230; Thank U, Next!<\/p>\n<ul>\n<li>fragancia floral-frutal para mujer<\/li>\n<li>ideal para los meses de primavera y verano<\/li>\n<li>lleva el nombre de una canci\u00f3n y un \u00e1lbum de estudio de la artista<\/li>\n<\/ul>\n<p><strong>Composici\u00f3n de la fragancia<\/strong><br \/>\nLa fragancia se abre con unas notas chispeantes y frescas de pera blanca y la fragancia floral de la frambuesa silvestre. A continuaci\u00f3n, el cremoso aroma del coco y la suave fragancia de p\u00e9talos de rosa te fascinar\u00e1n. El eau de parfum se va apagando con el dulce aroma de los macarons, que le aporta un toque de feminidad traviesa, y el aroma aterciopelado y suave del almizcle.<\/p>\n<p><strong>Historia de la fragancia<\/strong><br \/>\nEl eau de parfum Ariana Grande Thank U Next se lanz\u00f3 al mercado en el a\u00f1o 2019 y se trata de la sexta fragancia de la cantante Ariana Grande. El dise\u00f1o del frasco hace referencia al hecho de salir de cada relaci\u00f3n siendo m\u00e1s fuertes que antes. Este elegante frasco, que rompe todas las reglas y las tradiciones, es un coraz\u00f3n valiente hecho pedazos y su brillante tap\u00f3n rosa simboliza la aceptaci\u00f3n del pasado y la promesa de un nuevo comienzo.<\/p>\n","protected":false},"excerpt":{"rendered":"<p>Inspirador, energizante y descarado, as\u00ed es el eau de parfum para mujer Ariana Grande Thank U Next. La fragancia representa el ascenso hacia la cima de Ariana. Se trata de salir y conseguir exactamente lo que quieres. Se trata de crecer aceptando el pasado, de vivir seg\u00fan tus propias reglas y no tener miedo a decir&#8230; Thank U, Next!<\/p>\n<ul>\n<li>fragancia floral-frutal para mujer<\/li>\n<li>ideal para los meses de primavera y verano<\/li>\n<li>lleva el nombre de una canci\u00f3n y un \u00e1lbum de estudio de la artista<\/li>\n<\/ul>\n<p><strong>Composici\u00f3n de la fragancia<\/strong><br \/>\nLa fragancia se abre con unas notas chispeantes y frescas de pera blanca y la fragancia floral de la frambuesa silvestre. A continuaci\u00f3n, el cremoso aroma del coco y la suave fragancia de p\u00e9talos de rosa te fascinar\u00e1n. El eau de parfum se va apagando con el dulce aroma de los macarons, que le aporta un toque de feminidad traviesa, y el aroma aterciopelado y suave del almizcle.<\/p>\n<p><strong>Historia de la fragancia<\/strong><br \/>\nEl eau de parfum Ariana Grande Thank U Next se lanz\u00f3 al mercado en el a\u00f1o 2019 y se trata de la sexta fragancia de la cantante Ariana Grande. El dise\u00f1o del frasco hace referencia al hecho de salir de cada relaci\u00f3n siendo m\u00e1s fuertes que antes. Este elegante frasco, que rompe todas las reglas y las tradiciones, es un coraz\u00f3n valiente hecho pedazos y su brillante tap\u00f3n rosa simboliza la aceptaci\u00f3n del pasado y la promesa de un nuevo comienzo.<\/p>\n<p><span style=\"color: #ff4400;\"><strong>\u2705 <span style=\"color: #d9a569;\">Pagos 100% Contraentrega.<\/span><\/strong><\/span><br \/>\n<span style=\"color: #ff4400;\"><strong>\u2705 <span style=\"color: #d9a569;\">Env\u00edo Gratis a toda Colombia.<\/span><\/strong><\/span><br \/>\n<span style=\"color: #ff4400;\"><strong>\u2705 <span style=\"color: #d9a569;\">Perfumes 100% Originales.<\/span><\/strong><\/span><\/p>\n","protected":false},"featured_media":11168,"template":"","meta":[],"product_brand":[],"product_cat":[190,198,168],"product_tag":[],"class_list":{"0":"post-10748","1":"product","2":"type-product","3":"status-publish","4":"has-post-thumbnail","6":"product_cat-ariana-grande","7":"product_cat-disenador","8":"product_cat-mujer","10":"first","11":"instock","12":"sale","13":"shipping-taxable","14":"purchasable","15":"product-type-simple"},"yoast_head":"<!-- This site is optimized with the Yoast SEO plugin v27.3 - https:\/\/yoast.com\/product\/yoast-seo-wordpress\/ -->\n<title>Ariana Grande Thank U Next 100 ml Original - Oud d\u2019Or - L\u2019essence du pouvoir<\/title>\n<meta name=\"robots\" content=\"index, follow, max-snippet:-1, max-image-preview:large, max-video-preview:-1\" \/>\n<link rel=\"canonical\" href=\"https:\/\/ouddorperfumes.com\/index.php\/producto\/ariana-grande-thank-u-next-100-ml-original\/\" \/>\n<meta property=\"og:locale\" content=\"es_ES\" \/>\n<meta property=\"og:type\" content=\"article\" \/>\n<meta property=\"og:title\" content=\"Ariana Grande Thank U Next 100 ml Original - Oud d\u2019Or - L\u2019essence du pouvoir\" \/>\n<meta property=\"og:description\" content=\"Inspirador, energizante y descarado, as\u00ed es el eau de parfum para mujer Ariana Grande Thank U Next. La fragancia representa el ascenso hacia la cima de Ariana. Se trata de salir y conseguir exactamente lo que quieres. Se trata de crecer aceptando el pasado, de vivir seg\u00fan tus propias reglas y no tener miedo a decir... Thank U, Next!   fragancia floral-frutal para mujer  ideal para los meses de primavera y verano  lleva el nombre de una canci\u00f3n y un \u00e1lbum de estudio de la artista  Composici\u00f3n de la fragancia La fragancia se abre con unas notas chispeantes y frescas de pera blanca y la fragancia floral de la frambuesa silvestre. A continuaci\u00f3n, el cremoso aroma del coco y la suave fragancia de p\u00e9talos de rosa te fascinar\u00e1n. El eau de parfum se va apagando con el dulce aroma de los macarons, que le aporta un toque de feminidad traviesa, y el aroma aterciopelado y suave del almizcle.  Historia de la fragancia El eau de parfum Ariana Grande Thank U Next se lanz\u00f3 al mercado en el a\u00f1o 2019 y se trata de la sexta fragancia de la cantante Ariana Grande. El dise\u00f1o del frasco hace referencia al hecho de salir de cada relaci\u00f3n siendo m\u00e1s fuertes que antes. Este elegante frasco, que rompe todas las reglas y las tradiciones, es un coraz\u00f3n valiente hecho pedazos y su brillante tap\u00f3n rosa simboliza la aceptaci\u00f3n del pasado y la promesa de un nuevo comienzo.  \u2705 Pagos 100% Contraentrega. \u2705 Env\u00edo Gratis a toda Colombia. \u2705 Perfumes 100% Originales.\" \/>\n<meta property=\"og:url\" content=\"https:\/\/ouddorperfumes.com\/index.php\/producto\/ariana-grande-thank-u-next-100-ml-original\/\" \/>\n<meta property=\"og:site_name\" content=\"Oud d\u2019Or - L\u2019essence du pouvoir\" \/>\n<meta property=\"article:modified_time\" content=\"2025-10-03T23:13:29+00:00\" \/>\n<meta property=\"og:image\" content=\"https:\/\/ouddorperfumes.com\/wp-content\/uploads\/2025\/07\/Oud-131.jpg\" \/>\n\t<meta property=\"og:image:width\" content=\"1654\" \/>\n\t<meta property=\"og:image:height\" content=\"1654\" \/>\n\t<meta property=\"og:image:type\" content=\"image\/jpeg\" \/>\n<meta name=\"twitter:card\" content=\"summary_large_image\" \/>\n<meta name=\"twitter:label1\" content=\"Tiempo de lectura\" \/>\n\t<meta name=\"twitter:data1\" content=\"2 minutos\" \/>\n<script type=\"application\/ld+json\" class=\"yoast-schema-graph\">{\"@context\":\"https:\\\/\\\/schema.org\",\"@graph\":[{\"@type\":\"WebPage\",\"@id\":\"https:\\\/\\\/ouddorperfumes.com\\\/index.php\\\/producto\\\/ariana-grande-thank-u-next-100-ml-original\\\/\",\"url\":\"https:\\\/\\\/ouddorperfumes.com\\\/index.php\\\/producto\\\/ariana-grande-thank-u-next-100-ml-original\\\/\",\"name\":\"Ariana Grande Thank U Next 100 ml Original - Oud d\u2019Or - L\u2019essence du pouvoir\",\"isPartOf\":{\"@id\":\"https:\\\/\\\/ouddorperfumes.com\\\/#website\"},\"primaryImageOfPage\":{\"@id\":\"https:\\\/\\\/ouddorperfumes.com\\\/index.php\\\/producto\\\/ariana-grande-thank-u-next-100-ml-original\\\/#primaryimage\"},\"image\":{\"@id\":\"https:\\\/\\\/ouddorperfumes.com\\\/index.php\\\/producto\\\/ariana-grande-thank-u-next-100-ml-original\\\/#primaryimage\"},\"thumbnailUrl\":\"https:\\\/\\\/ouddorperfumes.com\\\/wp-content\\\/uploads\\\/2025\\\/07\\\/Oud-131.jpg\",\"datePublished\":\"2025-07-25T02:03:15+00:00\",\"dateModified\":\"2025-10-03T23:13:29+00:00\",\"breadcrumb\":{\"@id\":\"https:\\\/\\\/ouddorperfumes.com\\\/index.php\\\/producto\\\/ariana-grande-thank-u-next-100-ml-original\\\/#breadcrumb\"},\"inLanguage\":\"es\",\"potentialAction\":[{\"@type\":\"ReadAction\",\"target\":[\"https:\\\/\\\/ouddorperfumes.com\\\/index.php\\\/producto\\\/ariana-grande-thank-u-next-100-ml-original\\\/\"]}]},{\"@type\":\"ImageObject\",\"inLanguage\":\"es\",\"@id\":\"https:\\\/\\\/ouddorperfumes.com\\\/index.php\\\/producto\\\/ariana-grande-thank-u-next-100-ml-original\\\/#primaryimage\",\"url\":\"https:\\\/\\\/ouddorperfumes.com\\\/wp-content\\\/uploads\\\/2025\\\/07\\\/Oud-131.jpg\",\"contentUrl\":\"https:\\\/\\\/ouddorperfumes.com\\\/wp-content\\\/uploads\\\/2025\\\/07\\\/Oud-131.jpg\",\"width\":1654,\"height\":1654},{\"@type\":\"BreadcrumbList\",\"@id\":\"https:\\\/\\\/ouddorperfumes.com\\\/index.php\\\/producto\\\/ariana-grande-thank-u-next-100-ml-original\\\/#breadcrumb\",\"itemListElement\":[{\"@type\":\"ListItem\",\"position\":1,\"name\":\"Portada\",\"item\":\"https:\\\/\\\/ouddorperfumes.com\\\/\"},{\"@type\":\"ListItem\",\"position\":2,\"name\":\"Todos los Perfumes\",\"item\":\"https:\\\/\\\/ouddorperfumes.com\\\/index.php\\\/todos-los-perfumes\\\/\"},{\"@type\":\"ListItem\",\"position\":3,\"name\":\"Ariana Grande Thank U Next 100 ml Original\"}]},{\"@type\":\"WebSite\",\"@id\":\"https:\\\/\\\/ouddorperfumes.com\\\/#website\",\"url\":\"https:\\\/\\\/ouddorperfumes.com\\\/\",\"name\":\"Oud d\u2019Or - L\u2019essence du pouvoir\",\"description\":\"Perfumes Arabes 100% Originales\",\"potentialAction\":[{\"@type\":\"SearchAction\",\"target\":{\"@type\":\"EntryPoint\",\"urlTemplate\":\"https:\\\/\\\/ouddorperfumes.com\\\/?s={search_term_string}\"},\"query-input\":{\"@type\":\"PropertyValueSpecification\",\"valueRequired\":true,\"valueName\":\"search_term_string\"}}],\"inLanguage\":\"es\"}]}<\/script>\n<!-- \/ Yoast SEO plugin. -->","yoast_head_json":{"title":"Ariana Grande Thank U Next 100 ml Original - Oud d\u2019Or - L\u2019essence du pouvoir","robots":{"index":"index","follow":"follow","max-snippet":"max-snippet:-1","max-image-preview":"max-image-preview:large","max-video-preview":"max-video-preview:-1"},"canonical":"https:\/\/ouddorperfumes.com\/index.php\/producto\/ariana-grande-thank-u-next-100-ml-original\/","og_locale":"es_ES","og_type":"article","og_title":"Ariana Grande Thank U Next 100 ml Original - Oud d\u2019Or - L\u2019essence du pouvoir","og_description":"Inspirador, energizante y descarado, as\u00ed es el eau de parfum para mujer Ariana Grande Thank U Next. La fragancia representa el ascenso hacia la cima de Ariana. Se trata de salir y conseguir exactamente lo que quieres. Se trata de crecer aceptando el pasado, de vivir seg\u00fan tus propias reglas y no tener miedo a decir... Thank U, Next!   fragancia floral-frutal para mujer  ideal para los meses de primavera y verano  lleva el nombre de una canci\u00f3n y un \u00e1lbum de estudio de la artista  Composici\u00f3n de la fragancia La fragancia se abre con unas notas chispeantes y frescas de pera blanca y la fragancia floral de la frambuesa silvestre. A continuaci\u00f3n, el cremoso aroma del coco y la suave fragancia de p\u00e9talos de rosa te fascinar\u00e1n. El eau de parfum se va apagando con el dulce aroma de los macarons, que le aporta un toque de feminidad traviesa, y el aroma aterciopelado y suave del almizcle.  Historia de la fragancia El eau de parfum Ariana Grande Thank U Next se lanz\u00f3 al mercado en el a\u00f1o 2019 y se trata de la sexta fragancia de la cantante Ariana Grande. El dise\u00f1o del frasco hace referencia al hecho de salir de cada relaci\u00f3n siendo m\u00e1s fuertes que antes. Este elegante frasco, que rompe todas las reglas y las tradiciones, es un coraz\u00f3n valiente hecho pedazos y su brillante tap\u00f3n rosa simboliza la aceptaci\u00f3n del pasado y la promesa de un nuevo comienzo.  \u2705 Pagos 100% Contraentrega. \u2705 Env\u00edo Gratis a toda Colombia. \u2705 Perfumes 100% Originales.","og_url":"https:\/\/ouddorperfumes.com\/index.php\/producto\/ariana-grande-thank-u-next-100-ml-original\/","og_site_name":"Oud d\u2019Or - L\u2019essence du pouvoir","article_modified_time":"2025-10-03T23:13:29+00:00","og_image":[{"width":1654,"height":1654,"url":"https:\/\/ouddorperfumes.com\/wp-content\/uploads\/2025\/07\/Oud-131.jpg","type":"image\/jpeg"}],"twitter_card":"summary_large_image","twitter_misc":{"Tiempo de lectura":"2 minutos"},"schema":{"@context":"https:\/\/schema.org","@graph":[{"@type":"WebPage","@id":"https:\/\/ouddorperfumes.com\/index.php\/producto\/ariana-grande-thank-u-next-100-ml-original\/","url":"https:\/\/ouddorperfumes.com\/index.php\/producto\/ariana-grande-thank-u-next-100-ml-original\/","name":"Ariana Grande Thank U Next 100 ml Original - Oud d\u2019Or - L\u2019essence du pouvoir","isPartOf":{"@id":"https:\/\/ouddorperfumes.com\/#website"},"primaryImageOfPage":{"@id":"https:\/\/ouddorperfumes.com\/index.php\/producto\/ariana-grande-thank-u-next-100-ml-original\/#primaryimage"},"image":{"@id":"https:\/\/ouddorperfumes.com\/index.php\/producto\/ariana-grande-thank-u-next-100-ml-original\/#primaryimage"},"thumbnailUrl":"https:\/\/ouddorperfumes.com\/wp-content\/uploads\/2025\/07\/Oud-131.jpg","datePublished":"2025-07-25T02:03:15+00:00","dateModified":"2025-10-03T23:13:29+00:00","breadcrumb":{"@id":"https:\/\/ouddorperfumes.com\/index.php\/producto\/ariana-grande-thank-u-next-100-ml-original\/#breadcrumb"},"inLanguage":"es","potentialAction":[{"@type":"ReadAction","target":["https:\/\/ouddorperfumes.com\/index.php\/producto\/ariana-grande-thank-u-next-100-ml-original\/"]}]},{"@type":"ImageObject","inLanguage":"es","@id":"https:\/\/ouddorperfumes.com\/index.php\/producto\/ariana-grande-thank-u-next-100-ml-original\/#primaryimage","url":"https:\/\/ouddorperfumes.com\/wp-content\/uploads\/2025\/07\/Oud-131.jpg","contentUrl":"https:\/\/ouddorperfumes.com\/wp-content\/uploads\/2025\/07\/Oud-131.jpg","width":1654,"height":1654},{"@type":"BreadcrumbList","@id":"https:\/\/ouddorperfumes.com\/index.php\/producto\/ariana-grande-thank-u-next-100-ml-original\/#breadcrumb","itemListElement":[{"@type":"ListItem","position":1,"name":"Portada","item":"https:\/\/ouddorperfumes.com\/"},{"@type":"ListItem","position":2,"name":"Todos los Perfumes","item":"https:\/\/ouddorperfumes.com\/index.php\/todos-los-perfumes\/"},{"@type":"ListItem","position":3,"name":"Ariana Grande Thank U Next 100 ml Original"}]},{"@type":"WebSite","@id":"https:\/\/ouddorperfumes.com\/#website","url":"https:\/\/ouddorperfumes.com\/","name":"Oud d\u2019Or - L\u2019essence du pouvoir","description":"Perfumes Arabes 100% Originales","potentialAction":[{"@type":"SearchAction","target":{"@type":"EntryPoint","urlTemplate":"https:\/\/ouddorperfumes.com\/?s={search_term_string}"},"query-input":{"@type":"PropertyValueSpecification","valueRequired":true,"valueName":"search_term_string"}}],"inLanguage":"es"}]}},"_links":{"self":[{"href":"https:\/\/ouddorperfumes.com\/index.php\/wp-json\/wp\/v2\/product\/10748","targetHints":{"allow":["GET"]}}],"collection":[{"href":"https:\/\/ouddorperfumes.com\/index.php\/wp-json\/wp\/v2\/product"}],"about":[{"href":"https:\/\/ouddorperfumes.com\/index.php\/wp-json\/wp\/v2\/types\/product"}],"version-history":[{"count":1,"href":"https:\/\/ouddorperfumes.com\/index.php\/wp-json\/wp\/v2\/product\/10748\/revisions"}],"predecessor-version":[{"id":11716,"href":"https:\/\/ouddorperfumes.com\/index.php\/wp-json\/wp\/v2\/product\/10748\/revisions\/11716"}],"wp:featuredmedia":[{"embeddable":true,"href":"https:\/\/ouddorperfumes.com\/index.php\/wp-json\/wp\/v2\/media\/11168"}],"wp:attachment":[{"href":"https:\/\/ouddorperfumes.com\/index.php\/wp-json\/wp\/v2\/media?parent=10748"}],"wp:term":[{"taxonomy":"product_brand","embeddable":true,"href":"https:\/\/ouddorperfumes.com\/index.php\/wp-json\/wp\/v2\/product_brand?post=10748"},{"taxonomy":"product_cat","embeddable":true,"href":"https:\/\/ouddorperfumes.com\/index.php\/wp-json\/wp\/v2\/product_cat?post=10748"},{"taxonomy":"product_tag","embeddable":true,"href":"https:\/\/ouddorperfumes.com\/index.php\/wp-json\/wp\/v2\/product_tag?post=10748"}],"curies":[{"name":"wp","href":"https:\/\/api.w.org\/{rel}","templated":true}]}}