{"id":10750,"date":"2025-07-24T21:04:08","date_gmt":"2025-07-25T02:04:08","guid":{"rendered":"https:\/\/ouddorperfumes.com\/index.php\/producto\/lacoste-eau-de-parfum-blanc-original-100\/"},"modified":"2025-10-03T18:13:02","modified_gmt":"2025-10-03T23:13:02","slug":"lacoste-eau-de-parfum-blanc-100-ml-original","status":"publish","type":"product","link":"https:\/\/ouddorperfumes.com\/index.php\/producto\/lacoste-eau-de-parfum-blanc-100-ml-original\/","title":{"rendered":"Lacoste Eau de Parfum Blanc 100 ml Original"},"content":{"rendered":"<div class=\"font-medium font-m-small l-vmargin--large\">Nuestra Eau de toilette L.12.12 Blanc est\u00e1 inspirada en el emblem\u00e1tico polo de Lacoste; se trata de una fragancia moderna, masculina con esencia arom\u00e1tica amaderada. La mezcla de esencia de finger lime \u00e1cido y eucalipto con poderoso pino y madera de cedro crean una intensa sensaci\u00f3n de confort.El frasco y la caja tienen nuestro emblem\u00e1tico patr\u00f3n \u00abpetit piqu\u00e9\u00bb, inspirado en la textura de nuestros polos. Esta Eau de Parfum m\u00e1s intensa y concentrada incorpora un caracter\u00edstico parche de cocodrilo bordado en gris oscuro.<\/div>\n<ul class=\"bullet-list font-medium font-m-small l-vmargin--xlarge\">\n<li class=\"flex l-vmargin--xsmall\">Familia olfativa: Maderas arom\u00e1ticas<\/li>\n<li class=\"flex l-vmargin--xsmall\">Notas de salida: Finger lime y cardamomo<\/li>\n<li class=\"flex l-vmargin--xsmall\">Notas de coraz\u00f3n: Pino y eucalipto<\/li>\n<li class=\"flex l-vmargin--xsmall\">Notas de fondo: Madera de cedro y abeto bals\u00e1mico.<\/li>\n<li class=\"flex l-vmargin--xsmall\">Tama\u00f1o: 100 ml<\/li>\n<li class=\"flex l-vmargin--xsmall\">Made in France<\/li>\n<li class=\"flex l-vmargin--xsmall\">Alcohol, Parfum (Fragrance), Aqua (Water), Limonene, Linalool, Citronellol, Alpha-Isomethyl Ionone, Coumarin, Citral, Geraniol.<\/li>\n<\/ul>\n","protected":false},"excerpt":{"rendered":"<div class=\"font-medium font-m-small l-vmargin--large\">Nuestra Eau de toilette L.12.12 Blanc est\u00e1 inspirada en el emblem\u00e1tico polo de Lacoste; se trata de una fragancia moderna, masculina con esencia arom\u00e1tica amaderada. La mezcla de esencia de finger lime \u00e1cido y eucalipto con poderoso pino y madera de cedro crean una intensa sensaci\u00f3n de confort.El frasco y la caja tienen nuestro emblem\u00e1tico patr\u00f3n \u00abpetit piqu\u00e9\u00bb, inspirado en la textura de nuestros polos. Esta Eau de Parfum m\u00e1s intensa y concentrada incorpora un caracter\u00edstico parche de cocodrilo bordado en gris oscuro.<\/div>\n<ul class=\"bullet-list font-medium font-m-small l-vmargin--xlarge\">\n<li class=\"flex l-vmargin--xsmall\">Familia olfativa: Maderas arom\u00e1ticas<\/li>\n<li class=\"flex l-vmargin--xsmall\">Notas de salida: Finger lime y cardamomo<\/li>\n<li class=\"flex l-vmargin--xsmall\">Notas de coraz\u00f3n: Pino y eucalipto<\/li>\n<li class=\"flex l-vmargin--xsmall\">Notas de fondo: Madera de cedro y abeto bals\u00e1mico.<\/li>\n<li class=\"flex l-vmargin--xsmall\">Tama\u00f1o: 100 ml<\/li>\n<li class=\"flex l-vmargin--xsmall\">Made in France<\/li>\n<li class=\"flex l-vmargin--xsmall\">Alcohol, Parfum (Fragrance), Aqua (Water), Limonene, Linalool, Citronellol, Alpha-Isomethyl Ionone, Coumarin, Citral, Geraniol.<\/li>\n<\/ul>\n<p><span style=\"color: #ff4400;\"><strong>\u2705 <span style=\"color: #d9a569;\">Pagos 100% Contraentrega.<\/span><\/strong><\/span><br \/>\n<span style=\"color: #ff4400;\"><strong>\u2705 <span style=\"color: #d9a569;\">Env\u00edo Gratis a toda Colombia.<\/span><\/strong><\/span><br \/>\n<span style=\"color: #ff4400;\"><strong>\u2705 <span style=\"color: #d9a569;\">Perfumes 100% Originales.<\/span><\/strong><\/span><\/p>\n","protected":false},"featured_media":11176,"template":"","meta":[],"product_brand":[],"product_cat":[198,169,229],"product_tag":[],"class_list":{"0":"post-10750","1":"product","2":"type-product","3":"status-publish","4":"has-post-thumbnail","6":"product_cat-disenador","7":"product_cat-hombre","8":"product_cat-lacoste","10":"first","11":"instock","12":"sale","13":"shipping-taxable","14":"purchasable","15":"product-type-simple"},"yoast_head":"<!-- This site is optimized with the Yoast SEO plugin v27.3 - https:\/\/yoast.com\/product\/yoast-seo-wordpress\/ -->\n<title>Lacoste Eau de Parfum Blanc 100 ml Original - Oud d\u2019Or - L\u2019essence du pouvoir<\/title>\n<meta name=\"robots\" content=\"index, follow, max-snippet:-1, max-image-preview:large, max-video-preview:-1\" \/>\n<link rel=\"canonical\" href=\"https:\/\/ouddorperfumes.com\/index.php\/producto\/lacoste-eau-de-parfum-blanc-100-ml-original\/\" \/>\n<meta property=\"og:locale\" content=\"es_ES\" \/>\n<meta property=\"og:type\" content=\"article\" \/>\n<meta property=\"og:title\" content=\"Lacoste Eau de Parfum Blanc 100 ml Original - Oud d\u2019Or - L\u2019essence du pouvoir\" \/>\n<meta property=\"og:description\" content=\"Nuestra Eau de toilette L.12.12 Blanc est\u00e1 inspirada en el emblem\u00e1tico polo de Lacoste; se trata de una fragancia moderna, masculina con esencia arom\u00e1tica amaderada. La mezcla de esencia de finger lime \u00e1cido y eucalipto con poderoso pino y madera de cedro crean una intensa sensaci\u00f3n de confort.El frasco y la caja tienen nuestro emblem\u00e1tico patr\u00f3n \u00abpetit piqu\u00e9\u00bb, inspirado en la textura de nuestros polos. Esta Eau de Parfum m\u00e1s intensa y concentrada incorpora un caracter\u00edstico parche de cocodrilo bordado en gris oscuro.   Familia olfativa: Maderas arom\u00e1ticas  Notas de salida: Finger lime y cardamomo  Notas de coraz\u00f3n: Pino y eucalipto  Notas de fondo: Madera de cedro y abeto bals\u00e1mico.  Tama\u00f1o: 100 ml  Made in France  Alcohol, Parfum (Fragrance), Aqua (Water), Limonene, Linalool, Citronellol, Alpha-Isomethyl Ionone, Coumarin, Citral, Geraniol.  \u2705 Pagos 100% Contraentrega. \u2705 Env\u00edo Gratis a toda Colombia. \u2705 Perfumes 100% Originales.\" \/>\n<meta property=\"og:url\" content=\"https:\/\/ouddorperfumes.com\/index.php\/producto\/lacoste-eau-de-parfum-blanc-100-ml-original\/\" \/>\n<meta property=\"og:site_name\" content=\"Oud d\u2019Or - L\u2019essence du pouvoir\" \/>\n<meta property=\"article:modified_time\" content=\"2025-10-03T23:13:02+00:00\" \/>\n<meta property=\"og:image\" content=\"https:\/\/ouddorperfumes.com\/wp-content\/uploads\/2025\/07\/Oud-133.jpg\" \/>\n\t<meta property=\"og:image:width\" content=\"1102\" \/>\n\t<meta property=\"og:image:height\" content=\"1102\" \/>\n\t<meta property=\"og:image:type\" content=\"image\/jpeg\" \/>\n<meta name=\"twitter:card\" content=\"summary_large_image\" \/>\n<meta name=\"twitter:label1\" content=\"Tiempo de lectura\" \/>\n\t<meta name=\"twitter:data1\" content=\"1 minuto\" \/>\n<script type=\"application\/ld+json\" class=\"yoast-schema-graph\">{\"@context\":\"https:\\\/\\\/schema.org\",\"@graph\":[{\"@type\":\"WebPage\",\"@id\":\"https:\\\/\\\/ouddorperfumes.com\\\/index.php\\\/producto\\\/lacoste-eau-de-parfum-blanc-100-ml-original\\\/\",\"url\":\"https:\\\/\\\/ouddorperfumes.com\\\/index.php\\\/producto\\\/lacoste-eau-de-parfum-blanc-100-ml-original\\\/\",\"name\":\"Lacoste Eau de Parfum Blanc 100 ml Original - Oud d\u2019Or - L\u2019essence du pouvoir\",\"isPartOf\":{\"@id\":\"https:\\\/\\\/ouddorperfumes.com\\\/#website\"},\"primaryImageOfPage\":{\"@id\":\"https:\\\/\\\/ouddorperfumes.com\\\/index.php\\\/producto\\\/lacoste-eau-de-parfum-blanc-100-ml-original\\\/#primaryimage\"},\"image\":{\"@id\":\"https:\\\/\\\/ouddorperfumes.com\\\/index.php\\\/producto\\\/lacoste-eau-de-parfum-blanc-100-ml-original\\\/#primaryimage\"},\"thumbnailUrl\":\"https:\\\/\\\/ouddorperfumes.com\\\/wp-content\\\/uploads\\\/2025\\\/07\\\/Oud-133.jpg\",\"datePublished\":\"2025-07-25T02:04:08+00:00\",\"dateModified\":\"2025-10-03T23:13:02+00:00\",\"breadcrumb\":{\"@id\":\"https:\\\/\\\/ouddorperfumes.com\\\/index.php\\\/producto\\\/lacoste-eau-de-parfum-blanc-100-ml-original\\\/#breadcrumb\"},\"inLanguage\":\"es\",\"potentialAction\":[{\"@type\":\"ReadAction\",\"target\":[\"https:\\\/\\\/ouddorperfumes.com\\\/index.php\\\/producto\\\/lacoste-eau-de-parfum-blanc-100-ml-original\\\/\"]}]},{\"@type\":\"ImageObject\",\"inLanguage\":\"es\",\"@id\":\"https:\\\/\\\/ouddorperfumes.com\\\/index.php\\\/producto\\\/lacoste-eau-de-parfum-blanc-100-ml-original\\\/#primaryimage\",\"url\":\"https:\\\/\\\/ouddorperfumes.com\\\/wp-content\\\/uploads\\\/2025\\\/07\\\/Oud-133.jpg\",\"contentUrl\":\"https:\\\/\\\/ouddorperfumes.com\\\/wp-content\\\/uploads\\\/2025\\\/07\\\/Oud-133.jpg\",\"width\":1102,\"height\":1102},{\"@type\":\"BreadcrumbList\",\"@id\":\"https:\\\/\\\/ouddorperfumes.com\\\/index.php\\\/producto\\\/lacoste-eau-de-parfum-blanc-100-ml-original\\\/#breadcrumb\",\"itemListElement\":[{\"@type\":\"ListItem\",\"position\":1,\"name\":\"Portada\",\"item\":\"https:\\\/\\\/ouddorperfumes.com\\\/\"},{\"@type\":\"ListItem\",\"position\":2,\"name\":\"Todos los Perfumes\",\"item\":\"https:\\\/\\\/ouddorperfumes.com\\\/index.php\\\/todos-los-perfumes\\\/\"},{\"@type\":\"ListItem\",\"position\":3,\"name\":\"Lacoste Eau de Parfum Blanc 100 ml Original\"}]},{\"@type\":\"WebSite\",\"@id\":\"https:\\\/\\\/ouddorperfumes.com\\\/#website\",\"url\":\"https:\\\/\\\/ouddorperfumes.com\\\/\",\"name\":\"Oud d\u2019Or - L\u2019essence du pouvoir\",\"description\":\"Perfumes Arabes 100% Originales\",\"potentialAction\":[{\"@type\":\"SearchAction\",\"target\":{\"@type\":\"EntryPoint\",\"urlTemplate\":\"https:\\\/\\\/ouddorperfumes.com\\\/?s={search_term_string}\"},\"query-input\":{\"@type\":\"PropertyValueSpecification\",\"valueRequired\":true,\"valueName\":\"search_term_string\"}}],\"inLanguage\":\"es\"}]}<\/script>\n<!-- \/ Yoast SEO plugin. -->","yoast_head_json":{"title":"Lacoste Eau de Parfum Blanc 100 ml Original - Oud d\u2019Or - L\u2019essence du pouvoir","robots":{"index":"index","follow":"follow","max-snippet":"max-snippet:-1","max-image-preview":"max-image-preview:large","max-video-preview":"max-video-preview:-1"},"canonical":"https:\/\/ouddorperfumes.com\/index.php\/producto\/lacoste-eau-de-parfum-blanc-100-ml-original\/","og_locale":"es_ES","og_type":"article","og_title":"Lacoste Eau de Parfum Blanc 100 ml Original - Oud d\u2019Or - L\u2019essence du pouvoir","og_description":"Nuestra Eau de toilette L.12.12 Blanc est\u00e1 inspirada en el emblem\u00e1tico polo de Lacoste; se trata de una fragancia moderna, masculina con esencia arom\u00e1tica amaderada. La mezcla de esencia de finger lime \u00e1cido y eucalipto con poderoso pino y madera de cedro crean una intensa sensaci\u00f3n de confort.El frasco y la caja tienen nuestro emblem\u00e1tico patr\u00f3n \u00abpetit piqu\u00e9\u00bb, inspirado en la textura de nuestros polos. Esta Eau de Parfum m\u00e1s intensa y concentrada incorpora un caracter\u00edstico parche de cocodrilo bordado en gris oscuro.   Familia olfativa: Maderas arom\u00e1ticas  Notas de salida: Finger lime y cardamomo  Notas de coraz\u00f3n: Pino y eucalipto  Notas de fondo: Madera de cedro y abeto bals\u00e1mico.  Tama\u00f1o: 100 ml  Made in France  Alcohol, Parfum (Fragrance), Aqua (Water), Limonene, Linalool, Citronellol, Alpha-Isomethyl Ionone, Coumarin, Citral, Geraniol.  \u2705 Pagos 100% Contraentrega. \u2705 Env\u00edo Gratis a toda Colombia. \u2705 Perfumes 100% Originales.","og_url":"https:\/\/ouddorperfumes.com\/index.php\/producto\/lacoste-eau-de-parfum-blanc-100-ml-original\/","og_site_name":"Oud d\u2019Or - L\u2019essence du pouvoir","article_modified_time":"2025-10-03T23:13:02+00:00","og_image":[{"width":1102,"height":1102,"url":"https:\/\/ouddorperfumes.com\/wp-content\/uploads\/2025\/07\/Oud-133.jpg","type":"image\/jpeg"}],"twitter_card":"summary_large_image","twitter_misc":{"Tiempo de lectura":"1 minuto"},"schema":{"@context":"https:\/\/schema.org","@graph":[{"@type":"WebPage","@id":"https:\/\/ouddorperfumes.com\/index.php\/producto\/lacoste-eau-de-parfum-blanc-100-ml-original\/","url":"https:\/\/ouddorperfumes.com\/index.php\/producto\/lacoste-eau-de-parfum-blanc-100-ml-original\/","name":"Lacoste Eau de Parfum Blanc 100 ml Original - Oud d\u2019Or - L\u2019essence du pouvoir","isPartOf":{"@id":"https:\/\/ouddorperfumes.com\/#website"},"primaryImageOfPage":{"@id":"https:\/\/ouddorperfumes.com\/index.php\/producto\/lacoste-eau-de-parfum-blanc-100-ml-original\/#primaryimage"},"image":{"@id":"https:\/\/ouddorperfumes.com\/index.php\/producto\/lacoste-eau-de-parfum-blanc-100-ml-original\/#primaryimage"},"thumbnailUrl":"https:\/\/ouddorperfumes.com\/wp-content\/uploads\/2025\/07\/Oud-133.jpg","datePublished":"2025-07-25T02:04:08+00:00","dateModified":"2025-10-03T23:13:02+00:00","breadcrumb":{"@id":"https:\/\/ouddorperfumes.com\/index.php\/producto\/lacoste-eau-de-parfum-blanc-100-ml-original\/#breadcrumb"},"inLanguage":"es","potentialAction":[{"@type":"ReadAction","target":["https:\/\/ouddorperfumes.com\/index.php\/producto\/lacoste-eau-de-parfum-blanc-100-ml-original\/"]}]},{"@type":"ImageObject","inLanguage":"es","@id":"https:\/\/ouddorperfumes.com\/index.php\/producto\/lacoste-eau-de-parfum-blanc-100-ml-original\/#primaryimage","url":"https:\/\/ouddorperfumes.com\/wp-content\/uploads\/2025\/07\/Oud-133.jpg","contentUrl":"https:\/\/ouddorperfumes.com\/wp-content\/uploads\/2025\/07\/Oud-133.jpg","width":1102,"height":1102},{"@type":"BreadcrumbList","@id":"https:\/\/ouddorperfumes.com\/index.php\/producto\/lacoste-eau-de-parfum-blanc-100-ml-original\/#breadcrumb","itemListElement":[{"@type":"ListItem","position":1,"name":"Portada","item":"https:\/\/ouddorperfumes.com\/"},{"@type":"ListItem","position":2,"name":"Todos los Perfumes","item":"https:\/\/ouddorperfumes.com\/index.php\/todos-los-perfumes\/"},{"@type":"ListItem","position":3,"name":"Lacoste Eau de Parfum Blanc 100 ml Original"}]},{"@type":"WebSite","@id":"https:\/\/ouddorperfumes.com\/#website","url":"https:\/\/ouddorperfumes.com\/","name":"Oud d\u2019Or - L\u2019essence du pouvoir","description":"Perfumes Arabes 100% Originales","potentialAction":[{"@type":"SearchAction","target":{"@type":"EntryPoint","urlTemplate":"https:\/\/ouddorperfumes.com\/?s={search_term_string}"},"query-input":{"@type":"PropertyValueSpecification","valueRequired":true,"valueName":"search_term_string"}}],"inLanguage":"es"}]}},"_links":{"self":[{"href":"https:\/\/ouddorperfumes.com\/index.php\/wp-json\/wp\/v2\/product\/10750","targetHints":{"allow":["GET"]}}],"collection":[{"href":"https:\/\/ouddorperfumes.com\/index.php\/wp-json\/wp\/v2\/product"}],"about":[{"href":"https:\/\/ouddorperfumes.com\/index.php\/wp-json\/wp\/v2\/types\/product"}],"version-history":[{"count":1,"href":"https:\/\/ouddorperfumes.com\/index.php\/wp-json\/wp\/v2\/product\/10750\/revisions"}],"predecessor-version":[{"id":11714,"href":"https:\/\/ouddorperfumes.com\/index.php\/wp-json\/wp\/v2\/product\/10750\/revisions\/11714"}],"wp:featuredmedia":[{"embeddable":true,"href":"https:\/\/ouddorperfumes.com\/index.php\/wp-json\/wp\/v2\/media\/11176"}],"wp:attachment":[{"href":"https:\/\/ouddorperfumes.com\/index.php\/wp-json\/wp\/v2\/media?parent=10750"}],"wp:term":[{"taxonomy":"product_brand","embeddable":true,"href":"https:\/\/ouddorperfumes.com\/index.php\/wp-json\/wp\/v2\/product_brand?post=10750"},{"taxonomy":"product_cat","embeddable":true,"href":"https:\/\/ouddorperfumes.com\/index.php\/wp-json\/wp\/v2\/product_cat?post=10750"},{"taxonomy":"product_tag","embeddable":true,"href":"https:\/\/ouddorperfumes.com\/index.php\/wp-json\/wp\/v2\/product_tag?post=10750"}],"curies":[{"name":"wp","href":"https:\/\/api.w.org\/{rel}","templated":true}]}}