{"id":10808,"date":"2025-07-24T23:10:06","date_gmt":"2025-07-25T04:10:06","guid":{"rendered":"https:\/\/ouddorperfumes.com\/index.php\/producto\/hugo-boss-dark-blue-x-75-ml-original\/"},"modified":"2025-10-03T16:47:10","modified_gmt":"2025-10-03T21:47:10","slug":"hugo-boss-dark-blue-75-ml-original","status":"publish","type":"product","link":"https:\/\/ouddorperfumes.com\/index.php\/producto\/hugo-boss-dark-blue-75-ml-original\/","title":{"rendered":"Hugo Boss Dark Blue 75 ml Original"},"content":{"rendered":"<p>Hugo Boss Hugo Dark Blue es una fragancia oriental especiada para hombres que vio la luz por primera vez en 1999. \u00bfQuieres parecer misterioso y convertirte en un s\u00edmbolo sexual? \u00bfQuieres ser realmente irresistible para el sexo opuesto? \u00a1Prueba el eau de toilette Hugo Dark Blue y los resultados est\u00e1n garantizados! Una fragancia llena de misterio y la esencia m\u00edstica de la masculinidad se esconde en el frasco azul oscuro. \u00a1Mira el mundo del poder y ahoga tus dudas en el azul profundo de la confianza en ti mismo!<\/p>\n<p>Desde el principio, te refrescar\u00e1s con la jugosa lima y el ex\u00f3tico jengibre, que poco a poco se van derritiendo, dejando un fugaz recuerdo de tierras lejanas y extranjeras. La seductora combinaci\u00f3n de esencias fragantes de geranio, cipr\u00e9s y salvia queda profundamente grabada en tu memoria. La base masculina de pachul\u00ed, cedro y benju\u00ed mimar\u00e1 tus sentidos durante un agradable y largo rato. \u00a1T\u00fa tambi\u00e9n puedes ser un hombre Hugo Boss!<\/p>\n","protected":false},"excerpt":{"rendered":"<p>Hugo Boss Hugo Dark Blue es una fragancia oriental especiada para hombres que vio la luz por primera vez en 1999. \u00bfQuieres parecer misterioso y convertirte en un s\u00edmbolo sexual? \u00bfQuieres ser realmente irresistible para el sexo opuesto? \u00a1Prueba el eau de toilette Hugo Dark Blue y los resultados est\u00e1n garantizados! Una fragancia llena de misterio y la esencia m\u00edstica de la masculinidad se esconde en el frasco azul oscuro. \u00a1Mira el mundo del poder y ahoga tus dudas en el azul profundo de la confianza en ti mismo!<\/p>\n<p>Desde el principio, te refrescar\u00e1s con la jugosa lima y el ex\u00f3tico jengibre, que poco a poco se van derritiendo, dejando un fugaz recuerdo de tierras lejanas y extranjeras. La seductora combinaci\u00f3n de esencias fragantes de geranio, cipr\u00e9s y salvia queda profundamente grabada en tu memoria. La base masculina de pachul\u00ed, cedro y benju\u00ed mimar\u00e1 tus sentidos durante un agradable y largo rato. \u00a1T\u00fa tambi\u00e9n puedes ser un hombre Hugo Boss!<\/p>\n<p><span style=\"color: #ff4400;\"><strong>\u2705 <span style=\"color: #d9a569;\">Pagos 100% Contraentrega.<\/span><\/strong><\/span><br \/>\n<span style=\"color: #ff4400;\"><strong>\u2705 <span style=\"color: #d9a569;\">Env\u00edo Gratis a toda Colombia.<\/span><\/strong><\/span><br \/>\n<span style=\"color: #ff4400;\"><strong>\u2705 <span style=\"color: #d9a569;\">Perfumes 100% Originales.<\/span><\/strong><\/span><\/p>\n","protected":false},"featured_media":11005,"template":"","meta":[],"product_brand":[],"product_cat":[198,169,230],"product_tag":[],"class_list":{"0":"post-10808","1":"product","2":"type-product","3":"status-publish","4":"has-post-thumbnail","6":"product_cat-disenador","7":"product_cat-hombre","8":"product_cat-hugo-boss","10":"first","11":"instock","12":"sale","13":"shipping-taxable","14":"purchasable","15":"product-type-simple"},"yoast_head":"<!-- This site is optimized with the Yoast SEO plugin v27.3 - https:\/\/yoast.com\/product\/yoast-seo-wordpress\/ -->\n<title>Hugo Boss Dark Blue 75 ml Original - Oud d\u2019Or - L\u2019essence du pouvoir<\/title>\n<meta name=\"robots\" content=\"index, follow, max-snippet:-1, max-image-preview:large, max-video-preview:-1\" \/>\n<link rel=\"canonical\" href=\"https:\/\/ouddorperfumes.com\/index.php\/producto\/hugo-boss-dark-blue-75-ml-original\/\" \/>\n<meta property=\"og:locale\" content=\"es_ES\" \/>\n<meta property=\"og:type\" content=\"article\" \/>\n<meta property=\"og:title\" content=\"Hugo Boss Dark Blue 75 ml Original - Oud d\u2019Or - L\u2019essence du pouvoir\" \/>\n<meta property=\"og:description\" content=\"Hugo Boss Hugo Dark Blue es una fragancia oriental especiada para hombres que vio la luz por primera vez en 1999. \u00bfQuieres parecer misterioso y convertirte en un s\u00edmbolo sexual? \u00bfQuieres ser realmente irresistible para el sexo opuesto? \u00a1Prueba el eau de toilette Hugo Dark Blue y los resultados est\u00e1n garantizados! Una fragancia llena de misterio y la esencia m\u00edstica de la masculinidad se esconde en el frasco azul oscuro. \u00a1Mira el mundo del poder y ahoga tus dudas en el azul profundo de la confianza en ti mismo!  Desde el principio, te refrescar\u00e1s con la jugosa lima y el ex\u00f3tico jengibre, que poco a poco se van derritiendo, dejando un fugaz recuerdo de tierras lejanas y extranjeras. La seductora combinaci\u00f3n de esencias fragantes de geranio, cipr\u00e9s y salvia queda profundamente grabada en tu memoria. La base masculina de pachul\u00ed, cedro y benju\u00ed mimar\u00e1 tus sentidos durante un agradable y largo rato. \u00a1T\u00fa tambi\u00e9n puedes ser un hombre Hugo Boss!  \u2705 Pagos 100% Contraentrega. \u2705 Env\u00edo Gratis a toda Colombia. \u2705 Perfumes 100% Originales.\" \/>\n<meta property=\"og:url\" content=\"https:\/\/ouddorperfumes.com\/index.php\/producto\/hugo-boss-dark-blue-75-ml-original\/\" \/>\n<meta property=\"og:site_name\" content=\"Oud d\u2019Or - L\u2019essence du pouvoir\" \/>\n<meta property=\"article:modified_time\" content=\"2025-10-03T21:47:10+00:00\" \/>\n<meta property=\"og:image\" content=\"https:\/\/ouddorperfumes.com\/wp-content\/uploads\/2025\/07\/oud-110.jpg\" \/>\n\t<meta property=\"og:image:width\" content=\"1102\" \/>\n\t<meta property=\"og:image:height\" content=\"1102\" \/>\n\t<meta property=\"og:image:type\" content=\"image\/jpeg\" \/>\n<meta name=\"twitter:card\" content=\"summary_large_image\" \/>\n<meta name=\"twitter:label1\" content=\"Tiempo de lectura\" \/>\n\t<meta name=\"twitter:data1\" content=\"1 minuto\" \/>\n<script type=\"application\/ld+json\" class=\"yoast-schema-graph\">{\"@context\":\"https:\\\/\\\/schema.org\",\"@graph\":[{\"@type\":\"WebPage\",\"@id\":\"https:\\\/\\\/ouddorperfumes.com\\\/index.php\\\/producto\\\/hugo-boss-dark-blue-75-ml-original\\\/\",\"url\":\"https:\\\/\\\/ouddorperfumes.com\\\/index.php\\\/producto\\\/hugo-boss-dark-blue-75-ml-original\\\/\",\"name\":\"Hugo Boss Dark Blue 75 ml Original - Oud d\u2019Or - L\u2019essence du pouvoir\",\"isPartOf\":{\"@id\":\"https:\\\/\\\/ouddorperfumes.com\\\/#website\"},\"primaryImageOfPage\":{\"@id\":\"https:\\\/\\\/ouddorperfumes.com\\\/index.php\\\/producto\\\/hugo-boss-dark-blue-75-ml-original\\\/#primaryimage\"},\"image\":{\"@id\":\"https:\\\/\\\/ouddorperfumes.com\\\/index.php\\\/producto\\\/hugo-boss-dark-blue-75-ml-original\\\/#primaryimage\"},\"thumbnailUrl\":\"https:\\\/\\\/ouddorperfumes.com\\\/wp-content\\\/uploads\\\/2025\\\/07\\\/oud-110.jpg\",\"datePublished\":\"2025-07-25T04:10:06+00:00\",\"dateModified\":\"2025-10-03T21:47:10+00:00\",\"breadcrumb\":{\"@id\":\"https:\\\/\\\/ouddorperfumes.com\\\/index.php\\\/producto\\\/hugo-boss-dark-blue-75-ml-original\\\/#breadcrumb\"},\"inLanguage\":\"es\",\"potentialAction\":[{\"@type\":\"ReadAction\",\"target\":[\"https:\\\/\\\/ouddorperfumes.com\\\/index.php\\\/producto\\\/hugo-boss-dark-blue-75-ml-original\\\/\"]}]},{\"@type\":\"ImageObject\",\"inLanguage\":\"es\",\"@id\":\"https:\\\/\\\/ouddorperfumes.com\\\/index.php\\\/producto\\\/hugo-boss-dark-blue-75-ml-original\\\/#primaryimage\",\"url\":\"https:\\\/\\\/ouddorperfumes.com\\\/wp-content\\\/uploads\\\/2025\\\/07\\\/oud-110.jpg\",\"contentUrl\":\"https:\\\/\\\/ouddorperfumes.com\\\/wp-content\\\/uploads\\\/2025\\\/07\\\/oud-110.jpg\",\"width\":1102,\"height\":1102},{\"@type\":\"BreadcrumbList\",\"@id\":\"https:\\\/\\\/ouddorperfumes.com\\\/index.php\\\/producto\\\/hugo-boss-dark-blue-75-ml-original\\\/#breadcrumb\",\"itemListElement\":[{\"@type\":\"ListItem\",\"position\":1,\"name\":\"Portada\",\"item\":\"https:\\\/\\\/ouddorperfumes.com\\\/\"},{\"@type\":\"ListItem\",\"position\":2,\"name\":\"Todos los Perfumes\",\"item\":\"https:\\\/\\\/ouddorperfumes.com\\\/index.php\\\/todos-los-perfumes\\\/\"},{\"@type\":\"ListItem\",\"position\":3,\"name\":\"Hugo Boss Dark Blue 75 ml Original\"}]},{\"@type\":\"WebSite\",\"@id\":\"https:\\\/\\\/ouddorperfumes.com\\\/#website\",\"url\":\"https:\\\/\\\/ouddorperfumes.com\\\/\",\"name\":\"Oud d\u2019Or - L\u2019essence du pouvoir\",\"description\":\"Perfumes Arabes 100% Originales\",\"potentialAction\":[{\"@type\":\"SearchAction\",\"target\":{\"@type\":\"EntryPoint\",\"urlTemplate\":\"https:\\\/\\\/ouddorperfumes.com\\\/?s={search_term_string}\"},\"query-input\":{\"@type\":\"PropertyValueSpecification\",\"valueRequired\":true,\"valueName\":\"search_term_string\"}}],\"inLanguage\":\"es\"}]}<\/script>\n<!-- \/ Yoast SEO plugin. -->","yoast_head_json":{"title":"Hugo Boss Dark Blue 75 ml Original - Oud d\u2019Or - L\u2019essence du pouvoir","robots":{"index":"index","follow":"follow","max-snippet":"max-snippet:-1","max-image-preview":"max-image-preview:large","max-video-preview":"max-video-preview:-1"},"canonical":"https:\/\/ouddorperfumes.com\/index.php\/producto\/hugo-boss-dark-blue-75-ml-original\/","og_locale":"es_ES","og_type":"article","og_title":"Hugo Boss Dark Blue 75 ml Original - Oud d\u2019Or - L\u2019essence du pouvoir","og_description":"Hugo Boss Hugo Dark Blue es una fragancia oriental especiada para hombres que vio la luz por primera vez en 1999. \u00bfQuieres parecer misterioso y convertirte en un s\u00edmbolo sexual? \u00bfQuieres ser realmente irresistible para el sexo opuesto? \u00a1Prueba el eau de toilette Hugo Dark Blue y los resultados est\u00e1n garantizados! Una fragancia llena de misterio y la esencia m\u00edstica de la masculinidad se esconde en el frasco azul oscuro. \u00a1Mira el mundo del poder y ahoga tus dudas en el azul profundo de la confianza en ti mismo!  Desde el principio, te refrescar\u00e1s con la jugosa lima y el ex\u00f3tico jengibre, que poco a poco se van derritiendo, dejando un fugaz recuerdo de tierras lejanas y extranjeras. La seductora combinaci\u00f3n de esencias fragantes de geranio, cipr\u00e9s y salvia queda profundamente grabada en tu memoria. La base masculina de pachul\u00ed, cedro y benju\u00ed mimar\u00e1 tus sentidos durante un agradable y largo rato. \u00a1T\u00fa tambi\u00e9n puedes ser un hombre Hugo Boss!  \u2705 Pagos 100% Contraentrega. \u2705 Env\u00edo Gratis a toda Colombia. \u2705 Perfumes 100% Originales.","og_url":"https:\/\/ouddorperfumes.com\/index.php\/producto\/hugo-boss-dark-blue-75-ml-original\/","og_site_name":"Oud d\u2019Or - L\u2019essence du pouvoir","article_modified_time":"2025-10-03T21:47:10+00:00","og_image":[{"width":1102,"height":1102,"url":"https:\/\/ouddorperfumes.com\/wp-content\/uploads\/2025\/07\/oud-110.jpg","type":"image\/jpeg"}],"twitter_card":"summary_large_image","twitter_misc":{"Tiempo de lectura":"1 minuto"},"schema":{"@context":"https:\/\/schema.org","@graph":[{"@type":"WebPage","@id":"https:\/\/ouddorperfumes.com\/index.php\/producto\/hugo-boss-dark-blue-75-ml-original\/","url":"https:\/\/ouddorperfumes.com\/index.php\/producto\/hugo-boss-dark-blue-75-ml-original\/","name":"Hugo Boss Dark Blue 75 ml Original - Oud d\u2019Or - L\u2019essence du pouvoir","isPartOf":{"@id":"https:\/\/ouddorperfumes.com\/#website"},"primaryImageOfPage":{"@id":"https:\/\/ouddorperfumes.com\/index.php\/producto\/hugo-boss-dark-blue-75-ml-original\/#primaryimage"},"image":{"@id":"https:\/\/ouddorperfumes.com\/index.php\/producto\/hugo-boss-dark-blue-75-ml-original\/#primaryimage"},"thumbnailUrl":"https:\/\/ouddorperfumes.com\/wp-content\/uploads\/2025\/07\/oud-110.jpg","datePublished":"2025-07-25T04:10:06+00:00","dateModified":"2025-10-03T21:47:10+00:00","breadcrumb":{"@id":"https:\/\/ouddorperfumes.com\/index.php\/producto\/hugo-boss-dark-blue-75-ml-original\/#breadcrumb"},"inLanguage":"es","potentialAction":[{"@type":"ReadAction","target":["https:\/\/ouddorperfumes.com\/index.php\/producto\/hugo-boss-dark-blue-75-ml-original\/"]}]},{"@type":"ImageObject","inLanguage":"es","@id":"https:\/\/ouddorperfumes.com\/index.php\/producto\/hugo-boss-dark-blue-75-ml-original\/#primaryimage","url":"https:\/\/ouddorperfumes.com\/wp-content\/uploads\/2025\/07\/oud-110.jpg","contentUrl":"https:\/\/ouddorperfumes.com\/wp-content\/uploads\/2025\/07\/oud-110.jpg","width":1102,"height":1102},{"@type":"BreadcrumbList","@id":"https:\/\/ouddorperfumes.com\/index.php\/producto\/hugo-boss-dark-blue-75-ml-original\/#breadcrumb","itemListElement":[{"@type":"ListItem","position":1,"name":"Portada","item":"https:\/\/ouddorperfumes.com\/"},{"@type":"ListItem","position":2,"name":"Todos los Perfumes","item":"https:\/\/ouddorperfumes.com\/index.php\/todos-los-perfumes\/"},{"@type":"ListItem","position":3,"name":"Hugo Boss Dark Blue 75 ml Original"}]},{"@type":"WebSite","@id":"https:\/\/ouddorperfumes.com\/#website","url":"https:\/\/ouddorperfumes.com\/","name":"Oud d\u2019Or - L\u2019essence du pouvoir","description":"Perfumes Arabes 100% Originales","potentialAction":[{"@type":"SearchAction","target":{"@type":"EntryPoint","urlTemplate":"https:\/\/ouddorperfumes.com\/?s={search_term_string}"},"query-input":{"@type":"PropertyValueSpecification","valueRequired":true,"valueName":"search_term_string"}}],"inLanguage":"es"}]}},"_links":{"self":[{"href":"https:\/\/ouddorperfumes.com\/index.php\/wp-json\/wp\/v2\/product\/10808","targetHints":{"allow":["GET"]}}],"collection":[{"href":"https:\/\/ouddorperfumes.com\/index.php\/wp-json\/wp\/v2\/product"}],"about":[{"href":"https:\/\/ouddorperfumes.com\/index.php\/wp-json\/wp\/v2\/types\/product"}],"version-history":[{"count":1,"href":"https:\/\/ouddorperfumes.com\/index.php\/wp-json\/wp\/v2\/product\/10808\/revisions"}],"predecessor-version":[{"id":11657,"href":"https:\/\/ouddorperfumes.com\/index.php\/wp-json\/wp\/v2\/product\/10808\/revisions\/11657"}],"wp:featuredmedia":[{"embeddable":true,"href":"https:\/\/ouddorperfumes.com\/index.php\/wp-json\/wp\/v2\/media\/11005"}],"wp:attachment":[{"href":"https:\/\/ouddorperfumes.com\/index.php\/wp-json\/wp\/v2\/media?parent=10808"}],"wp:term":[{"taxonomy":"product_brand","embeddable":true,"href":"https:\/\/ouddorperfumes.com\/index.php\/wp-json\/wp\/v2\/product_brand?post=10808"},{"taxonomy":"product_cat","embeddable":true,"href":"https:\/\/ouddorperfumes.com\/index.php\/wp-json\/wp\/v2\/product_cat?post=10808"},{"taxonomy":"product_tag","embeddable":true,"href":"https:\/\/ouddorperfumes.com\/index.php\/wp-json\/wp\/v2\/product_tag?post=10808"}],"curies":[{"name":"wp","href":"https:\/\/api.w.org\/{rel}","templated":true}]}}