{"id":10810,"date":"2025-07-24T23:10:59","date_gmt":"2025-07-25T04:10:59","guid":{"rendered":"https:\/\/ouddorperfumes.com\/index.php\/producto\/ariana-grande-ari-x-100-ml-original\/"},"modified":"2025-10-03T16:46:31","modified_gmt":"2025-10-03T21:46:31","slug":"ari-by-ariana-grande-100-ml-original","status":"publish","type":"product","link":"https:\/\/ouddorperfumes.com\/index.php\/producto\/ari-by-ariana-grande-100-ml-original\/","title":{"rendered":"Ari By Ariana Grande 100 ml Original"},"content":{"rendered":"<p>Disfruta a diario de la esencia adorable y seductora que esconde el eau de parfum para mujer Ariana Grande Ari by Ariana Grande. Con ella podr\u00e1s comenzar tu d\u00eda con la misma confianza en s\u00ed misma sexy que todos admiran en la encantadora cantante. A partir de ahora, t\u00fa tampoco pasar\u00e1s desapercibida.<\/p>\n<ul>\n<li>Fragancia dulce en la que predominan las notas florales y frutales.<\/li>\n<li>Con este eau de parfum debut\u00f3 la cantante en el mundo de los perfumes.<\/li>\n<li>Lleva fascinando a las chicas desde el a\u00f1o 2015, cuando se lanz\u00f3 al mercado.<\/li>\n<\/ul>\n<p><strong>Composici\u00f3n de la fragancia<\/strong><\/p>\n<p>Nada m\u00e1s olerla, se te empezar\u00e1 a hacer la boca agua con la deliciosa combinaci\u00f3n de notas de pera, pomelo rosa y zumo de frambuesas. Al cabo de unos instantes, se revelan los delicados lirios de los valles y la rosa con el toque cremoso de la fragancia de la orqu\u00eddea tropical: la vainilla. El cierre prolongado y sensual de la composici\u00f3n arom\u00e1tica tiene un car\u00e1cter amaderado con un aroma limpio a almizcle y dulce nube.<\/p>\n","protected":false},"excerpt":{"rendered":"<p>Disfruta a diario de la esencia adorable y seductora que esconde el eau de parfum para mujer Ariana Grande Ari by Ariana Grande. Con ella podr\u00e1s comenzar tu d\u00eda con la misma confianza en s\u00ed misma sexy que todos admiran en la encantadora cantante. A partir de ahora, t\u00fa tampoco pasar\u00e1s desapercibida.<\/p>\n<ul>\n<li>Fragancia dulce en la que predominan las notas florales y frutales.<\/li>\n<li>Con este eau de parfum debut\u00f3 la cantante en el mundo de los perfumes.<\/li>\n<li>Lleva fascinando a las chicas desde el a\u00f1o 2015, cuando se lanz\u00f3 al mercado.<\/li>\n<\/ul>\n<p><strong>Composici\u00f3n de la fragancia<\/strong><\/p>\n<p>Nada m\u00e1s olerla, se te empezar\u00e1 a hacer la boca agua con la deliciosa combinaci\u00f3n de notas de pera, pomelo rosa y zumo de frambuesas. Al cabo de unos instantes, se revelan los delicados lirios de los valles y la rosa con el toque cremoso de la fragancia de la orqu\u00eddea tropical: la vainilla. El cierre prolongado y sensual de la composici\u00f3n arom\u00e1tica tiene un car\u00e1cter amaderado con un aroma limpio a almizcle y dulce nube.<\/p>\n<p><span style=\"color: #ff4400;\"><strong>\u2705 <span style=\"color: #d9a569;\">Pagos 100% Contraentrega.<\/span><\/strong><\/span><br \/>\n<span style=\"color: #ff4400;\"><strong>\u2705 <span style=\"color: #d9a569;\">Env\u00edo Gratis a toda Colombia.<\/span><\/strong><\/span><br \/>\n<span style=\"color: #ff4400;\"><strong>\u2705 <span style=\"color: #d9a569;\">Perfumes 100% Originales.<\/span><\/strong><\/span><\/p>\n","protected":false},"featured_media":10684,"template":"","meta":[],"product_brand":[],"product_cat":[190,198,168],"product_tag":[],"class_list":{"0":"post-10810","1":"product","2":"type-product","3":"status-publish","4":"has-post-thumbnail","6":"product_cat-ariana-grande","7":"product_cat-disenador","8":"product_cat-mujer","10":"first","11":"instock","12":"sale","13":"shipping-taxable","14":"purchasable","15":"product-type-simple"},"yoast_head":"<!-- This site is optimized with the Yoast SEO plugin v27.3 - https:\/\/yoast.com\/product\/yoast-seo-wordpress\/ -->\n<title>Ari By Ariana Grande 100 ml Original - Oud d\u2019Or - L\u2019essence du pouvoir<\/title>\n<meta name=\"robots\" content=\"index, follow, max-snippet:-1, max-image-preview:large, max-video-preview:-1\" \/>\n<link rel=\"canonical\" href=\"https:\/\/ouddorperfumes.com\/index.php\/producto\/ari-by-ariana-grande-100-ml-original\/\" \/>\n<meta property=\"og:locale\" content=\"es_ES\" \/>\n<meta property=\"og:type\" content=\"article\" \/>\n<meta property=\"og:title\" content=\"Ari By Ariana Grande 100 ml Original - Oud d\u2019Or - L\u2019essence du pouvoir\" \/>\n<meta property=\"og:description\" content=\"Disfruta a diario de la esencia adorable y seductora que esconde el eau de parfum para mujer Ariana Grande Ari by Ariana Grande. Con ella podr\u00e1s comenzar tu d\u00eda con la misma confianza en s\u00ed misma sexy que todos admiran en la encantadora cantante. A partir de ahora, t\u00fa tampoco pasar\u00e1s desapercibida.   Fragancia dulce en la que predominan las notas florales y frutales.  Con este eau de parfum debut\u00f3 la cantante en el mundo de los perfumes.  Lleva fascinando a las chicas desde el a\u00f1o 2015, cuando se lanz\u00f3 al mercado.  Composici\u00f3n de la fragancia  Nada m\u00e1s olerla, se te empezar\u00e1 a hacer la boca agua con la deliciosa combinaci\u00f3n de notas de pera, pomelo rosa y zumo de frambuesas. Al cabo de unos instantes, se revelan los delicados lirios de los valles y la rosa con el toque cremoso de la fragancia de la orqu\u00eddea tropical: la vainilla. El cierre prolongado y sensual de la composici\u00f3n arom\u00e1tica tiene un car\u00e1cter amaderado con un aroma limpio a almizcle y dulce nube.  \u2705 Pagos 100% Contraentrega. \u2705 Env\u00edo Gratis a toda Colombia. \u2705 Perfumes 100% Originales.\" \/>\n<meta property=\"og:url\" content=\"https:\/\/ouddorperfumes.com\/index.php\/producto\/ari-by-ariana-grande-100-ml-original\/\" \/>\n<meta property=\"og:site_name\" content=\"Oud d\u2019Or - L\u2019essence du pouvoir\" \/>\n<meta property=\"article:modified_time\" content=\"2025-10-03T21:46:31+00:00\" \/>\n<meta property=\"og:image\" content=\"https:\/\/ouddorperfumes.com\/wp-content\/uploads\/2025\/07\/oud-41.jpg\" \/>\n\t<meta property=\"og:image:width\" content=\"1102\" \/>\n\t<meta property=\"og:image:height\" content=\"1102\" \/>\n\t<meta property=\"og:image:type\" content=\"image\/jpeg\" \/>\n<meta name=\"twitter:card\" content=\"summary_large_image\" \/>\n<meta name=\"twitter:label1\" content=\"Tiempo de lectura\" \/>\n\t<meta name=\"twitter:data1\" content=\"1 minuto\" \/>\n<script type=\"application\/ld+json\" class=\"yoast-schema-graph\">{\"@context\":\"https:\\\/\\\/schema.org\",\"@graph\":[{\"@type\":\"WebPage\",\"@id\":\"https:\\\/\\\/ouddorperfumes.com\\\/index.php\\\/producto\\\/ari-by-ariana-grande-100-ml-original\\\/\",\"url\":\"https:\\\/\\\/ouddorperfumes.com\\\/index.php\\\/producto\\\/ari-by-ariana-grande-100-ml-original\\\/\",\"name\":\"Ari By Ariana Grande 100 ml Original - Oud d\u2019Or - L\u2019essence du pouvoir\",\"isPartOf\":{\"@id\":\"https:\\\/\\\/ouddorperfumes.com\\\/#website\"},\"primaryImageOfPage\":{\"@id\":\"https:\\\/\\\/ouddorperfumes.com\\\/index.php\\\/producto\\\/ari-by-ariana-grande-100-ml-original\\\/#primaryimage\"},\"image\":{\"@id\":\"https:\\\/\\\/ouddorperfumes.com\\\/index.php\\\/producto\\\/ari-by-ariana-grande-100-ml-original\\\/#primaryimage\"},\"thumbnailUrl\":\"https:\\\/\\\/ouddorperfumes.com\\\/wp-content\\\/uploads\\\/2025\\\/07\\\/oud-41.jpg\",\"datePublished\":\"2025-07-25T04:10:59+00:00\",\"dateModified\":\"2025-10-03T21:46:31+00:00\",\"breadcrumb\":{\"@id\":\"https:\\\/\\\/ouddorperfumes.com\\\/index.php\\\/producto\\\/ari-by-ariana-grande-100-ml-original\\\/#breadcrumb\"},\"inLanguage\":\"es\",\"potentialAction\":[{\"@type\":\"ReadAction\",\"target\":[\"https:\\\/\\\/ouddorperfumes.com\\\/index.php\\\/producto\\\/ari-by-ariana-grande-100-ml-original\\\/\"]}]},{\"@type\":\"ImageObject\",\"inLanguage\":\"es\",\"@id\":\"https:\\\/\\\/ouddorperfumes.com\\\/index.php\\\/producto\\\/ari-by-ariana-grande-100-ml-original\\\/#primaryimage\",\"url\":\"https:\\\/\\\/ouddorperfumes.com\\\/wp-content\\\/uploads\\\/2025\\\/07\\\/oud-41.jpg\",\"contentUrl\":\"https:\\\/\\\/ouddorperfumes.com\\\/wp-content\\\/uploads\\\/2025\\\/07\\\/oud-41.jpg\",\"width\":1102,\"height\":1102},{\"@type\":\"BreadcrumbList\",\"@id\":\"https:\\\/\\\/ouddorperfumes.com\\\/index.php\\\/producto\\\/ari-by-ariana-grande-100-ml-original\\\/#breadcrumb\",\"itemListElement\":[{\"@type\":\"ListItem\",\"position\":1,\"name\":\"Portada\",\"item\":\"https:\\\/\\\/ouddorperfumes.com\\\/\"},{\"@type\":\"ListItem\",\"position\":2,\"name\":\"Todos los Perfumes\",\"item\":\"https:\\\/\\\/ouddorperfumes.com\\\/index.php\\\/todos-los-perfumes\\\/\"},{\"@type\":\"ListItem\",\"position\":3,\"name\":\"Ari By Ariana Grande 100 ml Original\"}]},{\"@type\":\"WebSite\",\"@id\":\"https:\\\/\\\/ouddorperfumes.com\\\/#website\",\"url\":\"https:\\\/\\\/ouddorperfumes.com\\\/\",\"name\":\"Oud d\u2019Or - L\u2019essence du pouvoir\",\"description\":\"Perfumes Arabes 100% Originales\",\"potentialAction\":[{\"@type\":\"SearchAction\",\"target\":{\"@type\":\"EntryPoint\",\"urlTemplate\":\"https:\\\/\\\/ouddorperfumes.com\\\/?s={search_term_string}\"},\"query-input\":{\"@type\":\"PropertyValueSpecification\",\"valueRequired\":true,\"valueName\":\"search_term_string\"}}],\"inLanguage\":\"es\"}]}<\/script>\n<!-- \/ Yoast SEO plugin. -->","yoast_head_json":{"title":"Ari By Ariana Grande 100 ml Original - Oud d\u2019Or - L\u2019essence du pouvoir","robots":{"index":"index","follow":"follow","max-snippet":"max-snippet:-1","max-image-preview":"max-image-preview:large","max-video-preview":"max-video-preview:-1"},"canonical":"https:\/\/ouddorperfumes.com\/index.php\/producto\/ari-by-ariana-grande-100-ml-original\/","og_locale":"es_ES","og_type":"article","og_title":"Ari By Ariana Grande 100 ml Original - Oud d\u2019Or - L\u2019essence du pouvoir","og_description":"Disfruta a diario de la esencia adorable y seductora que esconde el eau de parfum para mujer Ariana Grande Ari by Ariana Grande. Con ella podr\u00e1s comenzar tu d\u00eda con la misma confianza en s\u00ed misma sexy que todos admiran en la encantadora cantante. A partir de ahora, t\u00fa tampoco pasar\u00e1s desapercibida.   Fragancia dulce en la que predominan las notas florales y frutales.  Con este eau de parfum debut\u00f3 la cantante en el mundo de los perfumes.  Lleva fascinando a las chicas desde el a\u00f1o 2015, cuando se lanz\u00f3 al mercado.  Composici\u00f3n de la fragancia  Nada m\u00e1s olerla, se te empezar\u00e1 a hacer la boca agua con la deliciosa combinaci\u00f3n de notas de pera, pomelo rosa y zumo de frambuesas. Al cabo de unos instantes, se revelan los delicados lirios de los valles y la rosa con el toque cremoso de la fragancia de la orqu\u00eddea tropical: la vainilla. El cierre prolongado y sensual de la composici\u00f3n arom\u00e1tica tiene un car\u00e1cter amaderado con un aroma limpio a almizcle y dulce nube.  \u2705 Pagos 100% Contraentrega. \u2705 Env\u00edo Gratis a toda Colombia. \u2705 Perfumes 100% Originales.","og_url":"https:\/\/ouddorperfumes.com\/index.php\/producto\/ari-by-ariana-grande-100-ml-original\/","og_site_name":"Oud d\u2019Or - L\u2019essence du pouvoir","article_modified_time":"2025-10-03T21:46:31+00:00","og_image":[{"width":1102,"height":1102,"url":"https:\/\/ouddorperfumes.com\/wp-content\/uploads\/2025\/07\/oud-41.jpg","type":"image\/jpeg"}],"twitter_card":"summary_large_image","twitter_misc":{"Tiempo de lectura":"1 minuto"},"schema":{"@context":"https:\/\/schema.org","@graph":[{"@type":"WebPage","@id":"https:\/\/ouddorperfumes.com\/index.php\/producto\/ari-by-ariana-grande-100-ml-original\/","url":"https:\/\/ouddorperfumes.com\/index.php\/producto\/ari-by-ariana-grande-100-ml-original\/","name":"Ari By Ariana Grande 100 ml Original - Oud d\u2019Or - L\u2019essence du pouvoir","isPartOf":{"@id":"https:\/\/ouddorperfumes.com\/#website"},"primaryImageOfPage":{"@id":"https:\/\/ouddorperfumes.com\/index.php\/producto\/ari-by-ariana-grande-100-ml-original\/#primaryimage"},"image":{"@id":"https:\/\/ouddorperfumes.com\/index.php\/producto\/ari-by-ariana-grande-100-ml-original\/#primaryimage"},"thumbnailUrl":"https:\/\/ouddorperfumes.com\/wp-content\/uploads\/2025\/07\/oud-41.jpg","datePublished":"2025-07-25T04:10:59+00:00","dateModified":"2025-10-03T21:46:31+00:00","breadcrumb":{"@id":"https:\/\/ouddorperfumes.com\/index.php\/producto\/ari-by-ariana-grande-100-ml-original\/#breadcrumb"},"inLanguage":"es","potentialAction":[{"@type":"ReadAction","target":["https:\/\/ouddorperfumes.com\/index.php\/producto\/ari-by-ariana-grande-100-ml-original\/"]}]},{"@type":"ImageObject","inLanguage":"es","@id":"https:\/\/ouddorperfumes.com\/index.php\/producto\/ari-by-ariana-grande-100-ml-original\/#primaryimage","url":"https:\/\/ouddorperfumes.com\/wp-content\/uploads\/2025\/07\/oud-41.jpg","contentUrl":"https:\/\/ouddorperfumes.com\/wp-content\/uploads\/2025\/07\/oud-41.jpg","width":1102,"height":1102},{"@type":"BreadcrumbList","@id":"https:\/\/ouddorperfumes.com\/index.php\/producto\/ari-by-ariana-grande-100-ml-original\/#breadcrumb","itemListElement":[{"@type":"ListItem","position":1,"name":"Portada","item":"https:\/\/ouddorperfumes.com\/"},{"@type":"ListItem","position":2,"name":"Todos los Perfumes","item":"https:\/\/ouddorperfumes.com\/index.php\/todos-los-perfumes\/"},{"@type":"ListItem","position":3,"name":"Ari By Ariana Grande 100 ml Original"}]},{"@type":"WebSite","@id":"https:\/\/ouddorperfumes.com\/#website","url":"https:\/\/ouddorperfumes.com\/","name":"Oud d\u2019Or - L\u2019essence du pouvoir","description":"Perfumes Arabes 100% Originales","potentialAction":[{"@type":"SearchAction","target":{"@type":"EntryPoint","urlTemplate":"https:\/\/ouddorperfumes.com\/?s={search_term_string}"},"query-input":{"@type":"PropertyValueSpecification","valueRequired":true,"valueName":"search_term_string"}}],"inLanguage":"es"}]}},"_links":{"self":[{"href":"https:\/\/ouddorperfumes.com\/index.php\/wp-json\/wp\/v2\/product\/10810","targetHints":{"allow":["GET"]}}],"collection":[{"href":"https:\/\/ouddorperfumes.com\/index.php\/wp-json\/wp\/v2\/product"}],"about":[{"href":"https:\/\/ouddorperfumes.com\/index.php\/wp-json\/wp\/v2\/types\/product"}],"version-history":[{"count":1,"href":"https:\/\/ouddorperfumes.com\/index.php\/wp-json\/wp\/v2\/product\/10810\/revisions"}],"predecessor-version":[{"id":11655,"href":"https:\/\/ouddorperfumes.com\/index.php\/wp-json\/wp\/v2\/product\/10810\/revisions\/11655"}],"wp:featuredmedia":[{"embeddable":true,"href":"https:\/\/ouddorperfumes.com\/index.php\/wp-json\/wp\/v2\/media\/10684"}],"wp:attachment":[{"href":"https:\/\/ouddorperfumes.com\/index.php\/wp-json\/wp\/v2\/media?parent=10810"}],"wp:term":[{"taxonomy":"product_brand","embeddable":true,"href":"https:\/\/ouddorperfumes.com\/index.php\/wp-json\/wp\/v2\/product_brand?post=10810"},{"taxonomy":"product_cat","embeddable":true,"href":"https:\/\/ouddorperfumes.com\/index.php\/wp-json\/wp\/v2\/product_cat?post=10810"},{"taxonomy":"product_tag","embeddable":true,"href":"https:\/\/ouddorperfumes.com\/index.php\/wp-json\/wp\/v2\/product_tag?post=10810"}],"curies":[{"name":"wp","href":"https:\/\/api.w.org\/{rel}","templated":true}]}}