{"id":10829,"date":"2025-07-25T00:17:31","date_gmt":"2025-07-25T05:17:31","guid":{"rendered":"https:\/\/ouddorperfumes.com\/index.php\/producto\/al-haramain-dubai-night-x-100-ml-origina\/"},"modified":"2025-09-29T14:32:58","modified_gmt":"2025-09-29T19:32:58","slug":"al-haramain-dubai-night-100-ml-original","status":"publish","type":"product","link":"https:\/\/ouddorperfumes.com\/index.php\/producto\/al-haramain-dubai-night-100-ml-original\/","title":{"rendered":"Al Haramain Dubai Night 100 ml Original"},"content":{"rendered":"<p>A medida que el sol se esconde en el horizonte, Dub\u00e1i se transforma en un patio de recreo lleno de encanto y seducci\u00f3n, y Haramain Amber Oud Dubai Night se convierte en el aroma de las aventuras nocturnas de la ciudad. Imag\u00ednate adentr\u00e1ndote en la energ\u00eda vibrante de la noche, donde cada nota arom\u00e1tica es un cap\u00edtulo de una historia cautivadora. Al principio, la bergamota, el azafr\u00e1n y el elem\u00ed lanzan un hechizo de anticipaci\u00f3n, sus fragancias c\u00edtricas y especiadas insin\u00faan las aventuras que est\u00e1n por venir. A medida que avanza la noche, emergen la madera de agar, la rosa b\u00falgara y el lirio de los valles, evocando el romance y el misterio de la noche de Dub\u00e1i.<\/p>\n<p>Finalmente, las notas de fondo de almizcle blanco, haba tonka, \u00e1mbar y musgo de roble persisten como susurros en la brisa del desierto, dejando una marca indeleble en los sentidos. Con Haramain Amber Oud Dubai Night como tu compa\u00f1ero, cada momento se convierte en un viaje inolvidable por las encantadoras calles de Dub\u00e1i bajo el cielo estrellado.<\/p>\n","protected":false},"excerpt":{"rendered":"<p>A medida que el sol se esconde en el horizonte, Dub\u00e1i se transforma en un patio de recreo lleno de encanto y seducci\u00f3n, y Haramain Amber Oud Dubai Night se convierte en el aroma de las aventuras nocturnas de la ciudad. Imag\u00ednate adentr\u00e1ndote en la energ\u00eda vibrante de la noche, donde cada nota arom\u00e1tica es un cap\u00edtulo de una historia cautivadora. Al principio, la bergamota, el azafr\u00e1n y el elem\u00ed lanzan un hechizo de anticipaci\u00f3n, sus fragancias c\u00edtricas y especiadas insin\u00faan las aventuras que est\u00e1n por venir. A medida que avanza la noche, emergen la madera de agar, la rosa b\u00falgara y el lirio de los valles, evocando el romance y el misterio de la noche de Dub\u00e1i.<\/p>\n<p>Finalmente, las notas de fondo de almizcle blanco, haba tonka, \u00e1mbar y musgo de roble persisten como susurros en la brisa del desierto, dejando una marca indeleble en los sentidos. Con Haramain Amber Oud Dubai Night como tu compa\u00f1ero, cada momento se convierte en un viaje inolvidable por las encantadoras calles de Dub\u00e1i bajo el cielo estrellado.<\/p>\n<p><span style=\"color: #ff4400;\"><strong>\u2705 <span style=\"color: #d9a569;\">Pagos 100% Contraentrega.<\/span><\/strong><\/span><br \/>\n<span style=\"color: #ff4400;\"><strong>\u2705 <span style=\"color: #d9a569;\">Env\u00edo Gratis a toda Colombia.<\/span><\/strong><\/span><br \/>\n<span style=\"color: #ff4400;\"><strong>\u2705 <span style=\"color: #d9a569;\">Perfumes 100% Originales.<\/span><\/strong><\/span><\/p>\n","protected":false},"featured_media":10728,"template":"","meta":[],"product_brand":[],"product_cat":[179,169,177],"product_tag":[],"class_list":{"0":"post-10829","1":"product","2":"type-product","3":"status-publish","4":"has-post-thumbnail","6":"product_cat-al-haramain","7":"product_cat-hombre","8":"product_cat-perfumes-arabes","10":"first","11":"instock","12":"sale","13":"shipping-taxable","14":"purchasable","15":"product-type-simple"},"yoast_head":"<!-- This site is optimized with the Yoast SEO plugin v27.3 - https:\/\/yoast.com\/product\/yoast-seo-wordpress\/ -->\n<title>Al Haramain Dubai Night 100 ml Original - Oud d\u2019Or - L\u2019essence du pouvoir<\/title>\n<meta name=\"robots\" content=\"index, follow, max-snippet:-1, max-image-preview:large, max-video-preview:-1\" \/>\n<link rel=\"canonical\" href=\"https:\/\/ouddorperfumes.com\/index.php\/producto\/al-haramain-dubai-night-100-ml-original\/\" \/>\n<meta property=\"og:locale\" content=\"es_ES\" \/>\n<meta property=\"og:type\" content=\"article\" \/>\n<meta property=\"og:title\" content=\"Al Haramain Dubai Night 100 ml Original - Oud d\u2019Or - L\u2019essence du pouvoir\" \/>\n<meta property=\"og:description\" content=\"A medida que el sol se esconde en el horizonte, Dub\u00e1i se transforma en un patio de recreo lleno de encanto y seducci\u00f3n, y Haramain Amber Oud Dubai Night se convierte en el aroma de las aventuras nocturnas de la ciudad. Imag\u00ednate adentr\u00e1ndote en la energ\u00eda vibrante de la noche, donde cada nota arom\u00e1tica es un cap\u00edtulo de una historia cautivadora. Al principio, la bergamota, el azafr\u00e1n y el elem\u00ed lanzan un hechizo de anticipaci\u00f3n, sus fragancias c\u00edtricas y especiadas insin\u00faan las aventuras que est\u00e1n por venir. A medida que avanza la noche, emergen la madera de agar, la rosa b\u00falgara y el lirio de los valles, evocando el romance y el misterio de la noche de Dub\u00e1i.  Finalmente, las notas de fondo de almizcle blanco, haba tonka, \u00e1mbar y musgo de roble persisten como susurros en la brisa del desierto, dejando una marca indeleble en los sentidos. Con Haramain Amber Oud Dubai Night como tu compa\u00f1ero, cada momento se convierte en un viaje inolvidable por las encantadoras calles de Dub\u00e1i bajo el cielo estrellado.  \u2705 Pagos 100% Contraentrega. \u2705 Env\u00edo Gratis a toda Colombia. \u2705 Perfumes 100% Originales.\" \/>\n<meta property=\"og:url\" content=\"https:\/\/ouddorperfumes.com\/index.php\/producto\/al-haramain-dubai-night-100-ml-original\/\" \/>\n<meta property=\"og:site_name\" content=\"Oud d\u2019Or - L\u2019essence du pouvoir\" \/>\n<meta property=\"article:modified_time\" content=\"2025-09-29T19:32:58+00:00\" \/>\n<meta property=\"og:image\" content=\"https:\/\/ouddorperfumes.com\/wp-content\/uploads\/2025\/07\/oud-85.jpg\" \/>\n\t<meta property=\"og:image:width\" content=\"1102\" \/>\n\t<meta property=\"og:image:height\" content=\"1102\" \/>\n\t<meta property=\"og:image:type\" content=\"image\/jpeg\" \/>\n<meta name=\"twitter:card\" content=\"summary_large_image\" \/>\n<meta name=\"twitter:label1\" content=\"Tiempo de lectura\" \/>\n\t<meta name=\"twitter:data1\" content=\"2 minutos\" \/>\n<script type=\"application\/ld+json\" class=\"yoast-schema-graph\">{\"@context\":\"https:\\\/\\\/schema.org\",\"@graph\":[{\"@type\":\"WebPage\",\"@id\":\"https:\\\/\\\/ouddorperfumes.com\\\/index.php\\\/producto\\\/al-haramain-dubai-night-100-ml-original\\\/\",\"url\":\"https:\\\/\\\/ouddorperfumes.com\\\/index.php\\\/producto\\\/al-haramain-dubai-night-100-ml-original\\\/\",\"name\":\"Al Haramain Dubai Night 100 ml Original - Oud d\u2019Or - L\u2019essence du pouvoir\",\"isPartOf\":{\"@id\":\"https:\\\/\\\/ouddorperfumes.com\\\/#website\"},\"primaryImageOfPage\":{\"@id\":\"https:\\\/\\\/ouddorperfumes.com\\\/index.php\\\/producto\\\/al-haramain-dubai-night-100-ml-original\\\/#primaryimage\"},\"image\":{\"@id\":\"https:\\\/\\\/ouddorperfumes.com\\\/index.php\\\/producto\\\/al-haramain-dubai-night-100-ml-original\\\/#primaryimage\"},\"thumbnailUrl\":\"https:\\\/\\\/ouddorperfumes.com\\\/wp-content\\\/uploads\\\/2025\\\/07\\\/oud-85.jpg\",\"datePublished\":\"2025-07-25T05:17:31+00:00\",\"dateModified\":\"2025-09-29T19:32:58+00:00\",\"breadcrumb\":{\"@id\":\"https:\\\/\\\/ouddorperfumes.com\\\/index.php\\\/producto\\\/al-haramain-dubai-night-100-ml-original\\\/#breadcrumb\"},\"inLanguage\":\"es\",\"potentialAction\":[{\"@type\":\"ReadAction\",\"target\":[\"https:\\\/\\\/ouddorperfumes.com\\\/index.php\\\/producto\\\/al-haramain-dubai-night-100-ml-original\\\/\"]}]},{\"@type\":\"ImageObject\",\"inLanguage\":\"es\",\"@id\":\"https:\\\/\\\/ouddorperfumes.com\\\/index.php\\\/producto\\\/al-haramain-dubai-night-100-ml-original\\\/#primaryimage\",\"url\":\"https:\\\/\\\/ouddorperfumes.com\\\/wp-content\\\/uploads\\\/2025\\\/07\\\/oud-85.jpg\",\"contentUrl\":\"https:\\\/\\\/ouddorperfumes.com\\\/wp-content\\\/uploads\\\/2025\\\/07\\\/oud-85.jpg\",\"width\":1102,\"height\":1102},{\"@type\":\"BreadcrumbList\",\"@id\":\"https:\\\/\\\/ouddorperfumes.com\\\/index.php\\\/producto\\\/al-haramain-dubai-night-100-ml-original\\\/#breadcrumb\",\"itemListElement\":[{\"@type\":\"ListItem\",\"position\":1,\"name\":\"Portada\",\"item\":\"https:\\\/\\\/ouddorperfumes.com\\\/\"},{\"@type\":\"ListItem\",\"position\":2,\"name\":\"Todos los Perfumes\",\"item\":\"https:\\\/\\\/ouddorperfumes.com\\\/index.php\\\/todos-los-perfumes\\\/\"},{\"@type\":\"ListItem\",\"position\":3,\"name\":\"Al Haramain Dubai Night 100 ml Original\"}]},{\"@type\":\"WebSite\",\"@id\":\"https:\\\/\\\/ouddorperfumes.com\\\/#website\",\"url\":\"https:\\\/\\\/ouddorperfumes.com\\\/\",\"name\":\"Oud d\u2019Or - L\u2019essence du pouvoir\",\"description\":\"Perfumes Arabes 100% Originales\",\"potentialAction\":[{\"@type\":\"SearchAction\",\"target\":{\"@type\":\"EntryPoint\",\"urlTemplate\":\"https:\\\/\\\/ouddorperfumes.com\\\/?s={search_term_string}\"},\"query-input\":{\"@type\":\"PropertyValueSpecification\",\"valueRequired\":true,\"valueName\":\"search_term_string\"}}],\"inLanguage\":\"es\"}]}<\/script>\n<!-- \/ Yoast SEO plugin. -->","yoast_head_json":{"title":"Al Haramain Dubai Night 100 ml Original - Oud d\u2019Or - L\u2019essence du pouvoir","robots":{"index":"index","follow":"follow","max-snippet":"max-snippet:-1","max-image-preview":"max-image-preview:large","max-video-preview":"max-video-preview:-1"},"canonical":"https:\/\/ouddorperfumes.com\/index.php\/producto\/al-haramain-dubai-night-100-ml-original\/","og_locale":"es_ES","og_type":"article","og_title":"Al Haramain Dubai Night 100 ml Original - Oud d\u2019Or - L\u2019essence du pouvoir","og_description":"A medida que el sol se esconde en el horizonte, Dub\u00e1i se transforma en un patio de recreo lleno de encanto y seducci\u00f3n, y Haramain Amber Oud Dubai Night se convierte en el aroma de las aventuras nocturnas de la ciudad. Imag\u00ednate adentr\u00e1ndote en la energ\u00eda vibrante de la noche, donde cada nota arom\u00e1tica es un cap\u00edtulo de una historia cautivadora. Al principio, la bergamota, el azafr\u00e1n y el elem\u00ed lanzan un hechizo de anticipaci\u00f3n, sus fragancias c\u00edtricas y especiadas insin\u00faan las aventuras que est\u00e1n por venir. A medida que avanza la noche, emergen la madera de agar, la rosa b\u00falgara y el lirio de los valles, evocando el romance y el misterio de la noche de Dub\u00e1i.  Finalmente, las notas de fondo de almizcle blanco, haba tonka, \u00e1mbar y musgo de roble persisten como susurros en la brisa del desierto, dejando una marca indeleble en los sentidos. Con Haramain Amber Oud Dubai Night como tu compa\u00f1ero, cada momento se convierte en un viaje inolvidable por las encantadoras calles de Dub\u00e1i bajo el cielo estrellado.  \u2705 Pagos 100% Contraentrega. \u2705 Env\u00edo Gratis a toda Colombia. \u2705 Perfumes 100% Originales.","og_url":"https:\/\/ouddorperfumes.com\/index.php\/producto\/al-haramain-dubai-night-100-ml-original\/","og_site_name":"Oud d\u2019Or - L\u2019essence du pouvoir","article_modified_time":"2025-09-29T19:32:58+00:00","og_image":[{"width":1102,"height":1102,"url":"https:\/\/ouddorperfumes.com\/wp-content\/uploads\/2025\/07\/oud-85.jpg","type":"image\/jpeg"}],"twitter_card":"summary_large_image","twitter_misc":{"Tiempo de lectura":"2 minutos"},"schema":{"@context":"https:\/\/schema.org","@graph":[{"@type":"WebPage","@id":"https:\/\/ouddorperfumes.com\/index.php\/producto\/al-haramain-dubai-night-100-ml-original\/","url":"https:\/\/ouddorperfumes.com\/index.php\/producto\/al-haramain-dubai-night-100-ml-original\/","name":"Al Haramain Dubai Night 100 ml Original - Oud d\u2019Or - L\u2019essence du pouvoir","isPartOf":{"@id":"https:\/\/ouddorperfumes.com\/#website"},"primaryImageOfPage":{"@id":"https:\/\/ouddorperfumes.com\/index.php\/producto\/al-haramain-dubai-night-100-ml-original\/#primaryimage"},"image":{"@id":"https:\/\/ouddorperfumes.com\/index.php\/producto\/al-haramain-dubai-night-100-ml-original\/#primaryimage"},"thumbnailUrl":"https:\/\/ouddorperfumes.com\/wp-content\/uploads\/2025\/07\/oud-85.jpg","datePublished":"2025-07-25T05:17:31+00:00","dateModified":"2025-09-29T19:32:58+00:00","breadcrumb":{"@id":"https:\/\/ouddorperfumes.com\/index.php\/producto\/al-haramain-dubai-night-100-ml-original\/#breadcrumb"},"inLanguage":"es","potentialAction":[{"@type":"ReadAction","target":["https:\/\/ouddorperfumes.com\/index.php\/producto\/al-haramain-dubai-night-100-ml-original\/"]}]},{"@type":"ImageObject","inLanguage":"es","@id":"https:\/\/ouddorperfumes.com\/index.php\/producto\/al-haramain-dubai-night-100-ml-original\/#primaryimage","url":"https:\/\/ouddorperfumes.com\/wp-content\/uploads\/2025\/07\/oud-85.jpg","contentUrl":"https:\/\/ouddorperfumes.com\/wp-content\/uploads\/2025\/07\/oud-85.jpg","width":1102,"height":1102},{"@type":"BreadcrumbList","@id":"https:\/\/ouddorperfumes.com\/index.php\/producto\/al-haramain-dubai-night-100-ml-original\/#breadcrumb","itemListElement":[{"@type":"ListItem","position":1,"name":"Portada","item":"https:\/\/ouddorperfumes.com\/"},{"@type":"ListItem","position":2,"name":"Todos los Perfumes","item":"https:\/\/ouddorperfumes.com\/index.php\/todos-los-perfumes\/"},{"@type":"ListItem","position":3,"name":"Al Haramain Dubai Night 100 ml Original"}]},{"@type":"WebSite","@id":"https:\/\/ouddorperfumes.com\/#website","url":"https:\/\/ouddorperfumes.com\/","name":"Oud d\u2019Or - L\u2019essence du pouvoir","description":"Perfumes Arabes 100% Originales","potentialAction":[{"@type":"SearchAction","target":{"@type":"EntryPoint","urlTemplate":"https:\/\/ouddorperfumes.com\/?s={search_term_string}"},"query-input":{"@type":"PropertyValueSpecification","valueRequired":true,"valueName":"search_term_string"}}],"inLanguage":"es"}]}},"_links":{"self":[{"href":"https:\/\/ouddorperfumes.com\/index.php\/wp-json\/wp\/v2\/product\/10829","targetHints":{"allow":["GET"]}}],"collection":[{"href":"https:\/\/ouddorperfumes.com\/index.php\/wp-json\/wp\/v2\/product"}],"about":[{"href":"https:\/\/ouddorperfumes.com\/index.php\/wp-json\/wp\/v2\/types\/product"}],"version-history":[{"count":1,"href":"https:\/\/ouddorperfumes.com\/index.php\/wp-json\/wp\/v2\/product\/10829\/revisions"}],"predecessor-version":[{"id":11628,"href":"https:\/\/ouddorperfumes.com\/index.php\/wp-json\/wp\/v2\/product\/10829\/revisions\/11628"}],"wp:featuredmedia":[{"embeddable":true,"href":"https:\/\/ouddorperfumes.com\/index.php\/wp-json\/wp\/v2\/media\/10728"}],"wp:attachment":[{"href":"https:\/\/ouddorperfumes.com\/index.php\/wp-json\/wp\/v2\/media?parent=10829"}],"wp:term":[{"taxonomy":"product_brand","embeddable":true,"href":"https:\/\/ouddorperfumes.com\/index.php\/wp-json\/wp\/v2\/product_brand?post=10829"},{"taxonomy":"product_cat","embeddable":true,"href":"https:\/\/ouddorperfumes.com\/index.php\/wp-json\/wp\/v2\/product_cat?post=10829"},{"taxonomy":"product_tag","embeddable":true,"href":"https:\/\/ouddorperfumes.com\/index.php\/wp-json\/wp\/v2\/product_tag?post=10829"}],"curies":[{"name":"wp","href":"https:\/\/api.w.org\/{rel}","templated":true}]}}