{"id":9770,"date":"2025-02-17T13:48:09","date_gmt":"2025-02-17T18:48:09","guid":{"rendered":"https:\/\/ouddorperfumes.com\/index.php\/producto\/afnan-turathi-blue-100-ml-original\/"},"modified":"2025-10-03T18:30:29","modified_gmt":"2025-10-03T23:30:29","slug":"afnan-turathi-blue-100-ml-original","status":"publish","type":"product","link":"https:\/\/ouddorperfumes.com\/index.php\/producto\/afnan-turathi-blue-100-ml-original\/","title":{"rendered":"Afnan Turathi Blue 100 ml Original"},"content":{"rendered":"<p>Del\u00e9itese con el aroma innegablemente rico y memorizable de este eau de parfum. Afnan Turathi Blue Homme, con una combinaci\u00f3n \u00fanica de notas c\u00edtricas y amaderadas, crea una fragancia refrescante y c\u00e1lida. C\u00f3mpralo, pru\u00e9balo y enam\u00f3rate de su aroma \u00fanico e inolvidable.<\/p>\n<p>Composici\u00f3n de la fragancia<\/p>\n<p>Las notas altas de bergamota especiada y mandarina jugosa crean una apertura fresca y vigorizante que despertar\u00e1 tus sentidos y dejar\u00e1 una impresi\u00f3n duradera. A medida que se desarrolla la fragancia, se desarrollan las notas de coraz\u00f3n de \u00e1mbar amaderado, agregando una profundidad c\u00e1lida y terrosa que encantar\u00e1 y cautivar\u00e1 a quienes te rodean. La fragancia est\u00e1 anclada en una base de almizcle y pachul\u00ed terroso con notas especiadas frescas, creando un aroma duradero que es a la vez sofisticado y memorable.<\/p>\n","protected":false},"excerpt":{"rendered":"<p>Del\u00e9itese con el aroma innegablemente rico y memorizable de este eau de parfum. Afnan Turathi Blue Homme, con una combinaci\u00f3n \u00fanica de notas c\u00edtricas y amaderadas, crea una fragancia refrescante y c\u00e1lida. C\u00f3mpralo, pru\u00e9balo y enam\u00f3rate de su aroma \u00fanico e inolvidable.<\/p>\n<p>Composici\u00f3n de la fragancia<\/p>\n<p>Las notas altas de bergamota especiada y mandarina jugosa crean una apertura fresca y vigorizante que despertar\u00e1 tus sentidos y dejar\u00e1 una impresi\u00f3n duradera. A medida que se desarrolla la fragancia, se desarrollan las notas de coraz\u00f3n de \u00e1mbar amaderado, agregando una profundidad c\u00e1lida y terrosa que encantar\u00e1 y cautivar\u00e1 a quienes te rodean. La fragancia est\u00e1 anclada en una base de almizcle y pachul\u00ed terroso con notas especiadas frescas, creando un aroma duradero que es a la vez sofisticado y memorable.<\/p>\n<p><span style=\"color: #ff4400;\"><strong>\u2705 <span style=\"color: #d9a569;\">Pagos 100% Contraentrega.<\/span><\/strong><\/span><br \/>\n<span style=\"color: #ff4400;\"><strong>\u2705 <span style=\"color: #d9a569;\">Env\u00edo Gratis a toda Colombia.<\/span><\/strong><\/span><br \/>\n<span style=\"color: #ff4400;\"><strong>\u2705 <span style=\"color: #d9a569;\">Perfumes 100% Originales.<\/span><\/strong><\/span><\/p>\n","protected":false},"featured_media":9753,"template":"","meta":[],"product_brand":[],"product_cat":[204,169,177],"product_tag":[],"class_list":{"0":"post-9770","1":"product","2":"type-product","3":"status-publish","4":"has-post-thumbnail","6":"product_cat-afnan","7":"product_cat-hombre","8":"product_cat-perfumes-arabes","10":"first","11":"instock","12":"sale","13":"shipping-taxable","14":"purchasable","15":"product-type-simple"},"yoast_head":"<!-- This site is optimized with the Yoast SEO plugin v27.3 - https:\/\/yoast.com\/product\/yoast-seo-wordpress\/ -->\n<title>Afnan Turathi Blue 100 ml Original - Oud d\u2019Or - L\u2019essence du pouvoir<\/title>\n<meta name=\"robots\" content=\"index, follow, max-snippet:-1, max-image-preview:large, max-video-preview:-1\" \/>\n<link rel=\"canonical\" href=\"https:\/\/ouddorperfumes.com\/index.php\/producto\/afnan-turathi-blue-100-ml-original\/\" \/>\n<meta property=\"og:locale\" content=\"es_ES\" \/>\n<meta property=\"og:type\" content=\"article\" \/>\n<meta property=\"og:title\" content=\"Afnan Turathi Blue 100 ml Original - Oud d\u2019Or - L\u2019essence du pouvoir\" \/>\n<meta property=\"og:description\" content=\"Del\u00e9itese con el aroma innegablemente rico y memorizable de este eau de parfum. Afnan Turathi Blue Homme, con una combinaci\u00f3n \u00fanica de notas c\u00edtricas y amaderadas, crea una fragancia refrescante y c\u00e1lida. C\u00f3mpralo, pru\u00e9balo y enam\u00f3rate de su aroma \u00fanico e inolvidable.  Composici\u00f3n de la fragancia  Las notas altas de bergamota especiada y mandarina jugosa crean una apertura fresca y vigorizante que despertar\u00e1 tus sentidos y dejar\u00e1 una impresi\u00f3n duradera. A medida que se desarrolla la fragancia, se desarrollan las notas de coraz\u00f3n de \u00e1mbar amaderado, agregando una profundidad c\u00e1lida y terrosa que encantar\u00e1 y cautivar\u00e1 a quienes te rodean. La fragancia est\u00e1 anclada en una base de almizcle y pachul\u00ed terroso con notas especiadas frescas, creando un aroma duradero que es a la vez sofisticado y memorable.  \u2705 Pagos 100% Contraentrega. \u2705 Env\u00edo Gratis a toda Colombia. \u2705 Perfumes 100% Originales.\" \/>\n<meta property=\"og:url\" content=\"https:\/\/ouddorperfumes.com\/index.php\/producto\/afnan-turathi-blue-100-ml-original\/\" \/>\n<meta property=\"og:site_name\" content=\"Oud d\u2019Or - L\u2019essence du pouvoir\" \/>\n<meta property=\"article:modified_time\" content=\"2025-10-03T23:30:29+00:00\" \/>\n<meta property=\"og:image\" content=\"https:\/\/ouddorperfumes.com\/wp-content\/uploads\/2025\/02\/456jpg-30.jpg\" \/>\n\t<meta property=\"og:image:width\" content=\"1654\" \/>\n\t<meta property=\"og:image:height\" content=\"1654\" \/>\n\t<meta property=\"og:image:type\" content=\"image\/jpeg\" \/>\n<meta name=\"twitter:card\" content=\"summary_large_image\" \/>\n<meta name=\"twitter:label1\" content=\"Tiempo de lectura\" \/>\n\t<meta name=\"twitter:data1\" content=\"1 minuto\" \/>\n<script type=\"application\/ld+json\" class=\"yoast-schema-graph\">{\"@context\":\"https:\\\/\\\/schema.org\",\"@graph\":[{\"@type\":\"WebPage\",\"@id\":\"https:\\\/\\\/ouddorperfumes.com\\\/index.php\\\/producto\\\/afnan-turathi-blue-100-ml-original\\\/\",\"url\":\"https:\\\/\\\/ouddorperfumes.com\\\/index.php\\\/producto\\\/afnan-turathi-blue-100-ml-original\\\/\",\"name\":\"Afnan Turathi Blue 100 ml Original - Oud d\u2019Or - L\u2019essence du pouvoir\",\"isPartOf\":{\"@id\":\"https:\\\/\\\/ouddorperfumes.com\\\/#website\"},\"primaryImageOfPage\":{\"@id\":\"https:\\\/\\\/ouddorperfumes.com\\\/index.php\\\/producto\\\/afnan-turathi-blue-100-ml-original\\\/#primaryimage\"},\"image\":{\"@id\":\"https:\\\/\\\/ouddorperfumes.com\\\/index.php\\\/producto\\\/afnan-turathi-blue-100-ml-original\\\/#primaryimage\"},\"thumbnailUrl\":\"https:\\\/\\\/ouddorperfumes.com\\\/wp-content\\\/uploads\\\/2025\\\/02\\\/456jpg-30.jpg\",\"datePublished\":\"2025-02-17T18:48:09+00:00\",\"dateModified\":\"2025-10-03T23:30:29+00:00\",\"breadcrumb\":{\"@id\":\"https:\\\/\\\/ouddorperfumes.com\\\/index.php\\\/producto\\\/afnan-turathi-blue-100-ml-original\\\/#breadcrumb\"},\"inLanguage\":\"es\",\"potentialAction\":[{\"@type\":\"ReadAction\",\"target\":[\"https:\\\/\\\/ouddorperfumes.com\\\/index.php\\\/producto\\\/afnan-turathi-blue-100-ml-original\\\/\"]}]},{\"@type\":\"ImageObject\",\"inLanguage\":\"es\",\"@id\":\"https:\\\/\\\/ouddorperfumes.com\\\/index.php\\\/producto\\\/afnan-turathi-blue-100-ml-original\\\/#primaryimage\",\"url\":\"https:\\\/\\\/ouddorperfumes.com\\\/wp-content\\\/uploads\\\/2025\\\/02\\\/456jpg-30.jpg\",\"contentUrl\":\"https:\\\/\\\/ouddorperfumes.com\\\/wp-content\\\/uploads\\\/2025\\\/02\\\/456jpg-30.jpg\",\"width\":1654,\"height\":1654},{\"@type\":\"BreadcrumbList\",\"@id\":\"https:\\\/\\\/ouddorperfumes.com\\\/index.php\\\/producto\\\/afnan-turathi-blue-100-ml-original\\\/#breadcrumb\",\"itemListElement\":[{\"@type\":\"ListItem\",\"position\":1,\"name\":\"Portada\",\"item\":\"https:\\\/\\\/ouddorperfumes.com\\\/\"},{\"@type\":\"ListItem\",\"position\":2,\"name\":\"Todos los Perfumes\",\"item\":\"https:\\\/\\\/ouddorperfumes.com\\\/index.php\\\/todos-los-perfumes\\\/\"},{\"@type\":\"ListItem\",\"position\":3,\"name\":\"Afnan Turathi Blue 100 ml Original\"}]},{\"@type\":\"WebSite\",\"@id\":\"https:\\\/\\\/ouddorperfumes.com\\\/#website\",\"url\":\"https:\\\/\\\/ouddorperfumes.com\\\/\",\"name\":\"Oud d\u2019Or - L\u2019essence du pouvoir\",\"description\":\"Perfumes Arabes 100% Originales\",\"potentialAction\":[{\"@type\":\"SearchAction\",\"target\":{\"@type\":\"EntryPoint\",\"urlTemplate\":\"https:\\\/\\\/ouddorperfumes.com\\\/?s={search_term_string}\"},\"query-input\":{\"@type\":\"PropertyValueSpecification\",\"valueRequired\":true,\"valueName\":\"search_term_string\"}}],\"inLanguage\":\"es\"}]}<\/script>\n<!-- \/ Yoast SEO plugin. -->","yoast_head_json":{"title":"Afnan Turathi Blue 100 ml Original - Oud d\u2019Or - L\u2019essence du pouvoir","robots":{"index":"index","follow":"follow","max-snippet":"max-snippet:-1","max-image-preview":"max-image-preview:large","max-video-preview":"max-video-preview:-1"},"canonical":"https:\/\/ouddorperfumes.com\/index.php\/producto\/afnan-turathi-blue-100-ml-original\/","og_locale":"es_ES","og_type":"article","og_title":"Afnan Turathi Blue 100 ml Original - Oud d\u2019Or - L\u2019essence du pouvoir","og_description":"Del\u00e9itese con el aroma innegablemente rico y memorizable de este eau de parfum. Afnan Turathi Blue Homme, con una combinaci\u00f3n \u00fanica de notas c\u00edtricas y amaderadas, crea una fragancia refrescante y c\u00e1lida. C\u00f3mpralo, pru\u00e9balo y enam\u00f3rate de su aroma \u00fanico e inolvidable.  Composici\u00f3n de la fragancia  Las notas altas de bergamota especiada y mandarina jugosa crean una apertura fresca y vigorizante que despertar\u00e1 tus sentidos y dejar\u00e1 una impresi\u00f3n duradera. A medida que se desarrolla la fragancia, se desarrollan las notas de coraz\u00f3n de \u00e1mbar amaderado, agregando una profundidad c\u00e1lida y terrosa que encantar\u00e1 y cautivar\u00e1 a quienes te rodean. La fragancia est\u00e1 anclada en una base de almizcle y pachul\u00ed terroso con notas especiadas frescas, creando un aroma duradero que es a la vez sofisticado y memorable.  \u2705 Pagos 100% Contraentrega. \u2705 Env\u00edo Gratis a toda Colombia. \u2705 Perfumes 100% Originales.","og_url":"https:\/\/ouddorperfumes.com\/index.php\/producto\/afnan-turathi-blue-100-ml-original\/","og_site_name":"Oud d\u2019Or - L\u2019essence du pouvoir","article_modified_time":"2025-10-03T23:30:29+00:00","og_image":[{"width":1654,"height":1654,"url":"https:\/\/ouddorperfumes.com\/wp-content\/uploads\/2025\/02\/456jpg-30.jpg","type":"image\/jpeg"}],"twitter_card":"summary_large_image","twitter_misc":{"Tiempo de lectura":"1 minuto"},"schema":{"@context":"https:\/\/schema.org","@graph":[{"@type":"WebPage","@id":"https:\/\/ouddorperfumes.com\/index.php\/producto\/afnan-turathi-blue-100-ml-original\/","url":"https:\/\/ouddorperfumes.com\/index.php\/producto\/afnan-turathi-blue-100-ml-original\/","name":"Afnan Turathi Blue 100 ml Original - Oud d\u2019Or - L\u2019essence du pouvoir","isPartOf":{"@id":"https:\/\/ouddorperfumes.com\/#website"},"primaryImageOfPage":{"@id":"https:\/\/ouddorperfumes.com\/index.php\/producto\/afnan-turathi-blue-100-ml-original\/#primaryimage"},"image":{"@id":"https:\/\/ouddorperfumes.com\/index.php\/producto\/afnan-turathi-blue-100-ml-original\/#primaryimage"},"thumbnailUrl":"https:\/\/ouddorperfumes.com\/wp-content\/uploads\/2025\/02\/456jpg-30.jpg","datePublished":"2025-02-17T18:48:09+00:00","dateModified":"2025-10-03T23:30:29+00:00","breadcrumb":{"@id":"https:\/\/ouddorperfumes.com\/index.php\/producto\/afnan-turathi-blue-100-ml-original\/#breadcrumb"},"inLanguage":"es","potentialAction":[{"@type":"ReadAction","target":["https:\/\/ouddorperfumes.com\/index.php\/producto\/afnan-turathi-blue-100-ml-original\/"]}]},{"@type":"ImageObject","inLanguage":"es","@id":"https:\/\/ouddorperfumes.com\/index.php\/producto\/afnan-turathi-blue-100-ml-original\/#primaryimage","url":"https:\/\/ouddorperfumes.com\/wp-content\/uploads\/2025\/02\/456jpg-30.jpg","contentUrl":"https:\/\/ouddorperfumes.com\/wp-content\/uploads\/2025\/02\/456jpg-30.jpg","width":1654,"height":1654},{"@type":"BreadcrumbList","@id":"https:\/\/ouddorperfumes.com\/index.php\/producto\/afnan-turathi-blue-100-ml-original\/#breadcrumb","itemListElement":[{"@type":"ListItem","position":1,"name":"Portada","item":"https:\/\/ouddorperfumes.com\/"},{"@type":"ListItem","position":2,"name":"Todos los Perfumes","item":"https:\/\/ouddorperfumes.com\/index.php\/todos-los-perfumes\/"},{"@type":"ListItem","position":3,"name":"Afnan Turathi Blue 100 ml Original"}]},{"@type":"WebSite","@id":"https:\/\/ouddorperfumes.com\/#website","url":"https:\/\/ouddorperfumes.com\/","name":"Oud d\u2019Or - L\u2019essence du pouvoir","description":"Perfumes Arabes 100% Originales","potentialAction":[{"@type":"SearchAction","target":{"@type":"EntryPoint","urlTemplate":"https:\/\/ouddorperfumes.com\/?s={search_term_string}"},"query-input":{"@type":"PropertyValueSpecification","valueRequired":true,"valueName":"search_term_string"}}],"inLanguage":"es"}]}},"_links":{"self":[{"href":"https:\/\/ouddorperfumes.com\/index.php\/wp-json\/wp\/v2\/product\/9770","targetHints":{"allow":["GET"]}}],"collection":[{"href":"https:\/\/ouddorperfumes.com\/index.php\/wp-json\/wp\/v2\/product"}],"about":[{"href":"https:\/\/ouddorperfumes.com\/index.php\/wp-json\/wp\/v2\/types\/product"}],"version-history":[{"count":1,"href":"https:\/\/ouddorperfumes.com\/index.php\/wp-json\/wp\/v2\/product\/9770\/revisions"}],"predecessor-version":[{"id":11773,"href":"https:\/\/ouddorperfumes.com\/index.php\/wp-json\/wp\/v2\/product\/9770\/revisions\/11773"}],"wp:featuredmedia":[{"embeddable":true,"href":"https:\/\/ouddorperfumes.com\/index.php\/wp-json\/wp\/v2\/media\/9753"}],"wp:attachment":[{"href":"https:\/\/ouddorperfumes.com\/index.php\/wp-json\/wp\/v2\/media?parent=9770"}],"wp:term":[{"taxonomy":"product_brand","embeddable":true,"href":"https:\/\/ouddorperfumes.com\/index.php\/wp-json\/wp\/v2\/product_brand?post=9770"},{"taxonomy":"product_cat","embeddable":true,"href":"https:\/\/ouddorperfumes.com\/index.php\/wp-json\/wp\/v2\/product_cat?post=9770"},{"taxonomy":"product_tag","embeddable":true,"href":"https:\/\/ouddorperfumes.com\/index.php\/wp-json\/wp\/v2\/product_tag?post=9770"}],"curies":[{"name":"wp","href":"https:\/\/api.w.org\/{rel}","templated":true}]}}